{"id":3247,"date":"2020-04-03T16:13:47","date_gmt":"2020-04-03T16:13:47","guid":{"rendered":"https:\/\/ethique-rlaroche.profweb.ca\/?page_id=3247"},"modified":"2024-01-27T19:28:09","modified_gmt":"2024-01-27T19:28:09","slug":"lemergence-du-hip-hop-dans-le-south-bronx","status":"publish","type":"page","link":"https:\/\/www.ethique-rlaroche.philo-cvm.ca\/?page_id=3247","title":{"rendered":"L&rsquo;\u00e9mergence du Hip Hop dans le South Bronx"},"content":{"rendered":"\n<h3 class=\"wp-block-heading\">Jeudi 6 octobre et lundi 17 octobre<\/h3>\n\n\n\n<p>Chacune de ces r\u00e9flexions renvoie au texte de Jeff Chang. Elles d\u00e9veloppent un questionnement philosophique relatif au contexte historique pr\u00e9sent\u00e9 par l&rsquo;auteur. En ce sens il importe de lire l&rsquo;extrait intitul\u00e9 <a href=\"http:\/\/www.philo-cvm.ca\/?page_id=137\" target=\"_blank\" rel=\"noreferrer noopener\">N\u00e9cropolis<\/a> \u00e0 un moment ou l&rsquo;autre de votre travail d&rsquo;enqu\u00eate pour cette semaine de cours.<\/p>\n\n\n\n<p>Notre enqu\u00eate au sujet de l&rsquo;\u00e9mergence du Hip Hop a pour objectif de chercher \u00e0 saisir ce qui <a href=\"http:\/\/www.philo-cvm.ca\/?attachment_id=5597\">d\u00e9finit<\/a> cette forme d&rsquo;art. Notez que notre enqu\u00eate n&rsquo;a pas pour but de produire une d\u00e9finition abstraite du Hip Hop mais bien d&rsquo;en saisir l&rsquo;essence, autrement dit, nous voulons comprendre <a href=\"https:\/\/www.theguardian.com\/world\/gallery\/2020\/apr\/06\/coronavirus-street-art-in-pictures#img-15\" target=\"_blank\" rel=\"noreferrer noopener\">les tensions qui s&rsquo;y expriment<\/a>. Nous avons vu que l&rsquo;opposition entre le lib\u00e9ralisme et le communautarisme constitue une partie importante de ce qui d\u00e9finit le Hip Hop. La chose est si vraie que m\u00eame ici \u00e0 <a href=\"https:\/\/www.ledevoir.com\/culture\/musique\/587218\/musique-shreez-rappeur-malgre-lui\">Montr\u00e9al<\/a> un rappeur aussi engag\u00e9 que Ticaso ne peut pas faire l&rsquo;\u00e9conomie de cette tension.<\/p>\n\n\n\n<h3 class=\"wp-block-heading\"><a href=\"http:\/\/www.philo-cvm.ca\/?page_id=3252\" target=\"_blank\" rel=\"noreferrer noopener\">Le Bronx et la politique de l&rsquo;abandon<\/a><\/h3>\n\n\n\n<h3 class=\"wp-block-heading\"><a href=\"http:\/\/www.philo-cvm.ca\/?page_id=3257\" target=\"_blank\" rel=\"noreferrer noopener\">Mouvement de masse<\/a><\/h3>\n\n\n\n<h3 class=\"wp-block-heading\"><a href=\"http:\/\/www.philo-cvm.ca\/?page_id=3259\" target=\"_blank\" rel=\"noreferrer noopener\">Mauvais chiffres<\/a><\/h3>\n\n\n\n<h3 class=\"wp-block-heading\"><a href=\"http:\/\/www.philo-cvm.ca\/?page_id=3263\" target=\"_blank\" rel=\"noreferrer noopener\">1977<\/a><\/h3>\n\n\n\n<h3 class=\"wp-block-heading\"><a href=\"http:\/\/www.philo-cvm.ca\/?page_id=3266\" target=\"_blank\" rel=\"noreferrer noopener\">Terre de d\u00e9solation<\/a><\/h3>\n","protected":false},"excerpt":{"rendered":"<p>Jeudi 6 octobre et lundi 17 octobre Chacune de ces r\u00e9flexions renvoie au texte de Jeff Chang. Elles d\u00e9veloppent un questionnement philosophique relatif au contexte &#8230;<\/p>\n","protected":false},"author":1,"featured_media":5013,"parent":0,"menu_order":0,"comment_status":"open","ping_status":"closed","template":"","meta":{"footnotes":""},"class_list":["post-3247","page","type-page","status-publish","has-post-thumbnail","hentry"],"_links":{"self":[{"href":"https:\/\/www.ethique-rlaroche.philo-cvm.ca\/index.php?rest_route=\/wp\/v2\/pages\/3247","targetHints":{"allow":["GET"]}}],"collection":[{"href":"https:\/\/www.ethique-rlaroche.philo-cvm.ca\/index.php?rest_route=\/wp\/v2\/pages"}],"about":[{"href":"https:\/\/www.ethique-rlaroche.philo-cvm.ca\/index.php?rest_route=\/wp\/v2\/types\/page"}],"author":[{"embeddable":true,"href":"https:\/\/www.ethique-rlaroche.philo-cvm.ca\/index.php?rest_route=\/wp\/v2\/users\/1"}],"replies":[{"embeddable":true,"href":"https:\/\/www.ethique-rlaroche.philo-cvm.ca\/index.php?rest_route=%2Fwp%2Fv2%2Fcomments&post=3247"}],"version-history":[{"count":35,"href":"https:\/\/www.ethique-rlaroche.philo-cvm.ca\/index.php?rest_route=\/wp\/v2\/pages\/3247\/revisions"}],"predecessor-version":[{"id":32602,"href":"https:\/\/www.ethique-rlaroche.philo-cvm.ca\/index.php?rest_route=\/wp\/v2\/pages\/3247\/revisions\/32602"}],"wp:featuredmedia":[{"embeddable":true,"href":"https:\/\/www.ethique-rlaroche.philo-cvm.ca\/index.php?rest_route=\/wp\/v2\/media\/5013"}],"wp:attachment":[{"href":"https:\/\/www.ethique-rlaroche.philo-cvm.ca\/index.php?rest_route=%2Fwp%2Fv2%2Fmedia&parent=3247"}],"curies":[{"name":"wp","href":"https:\/\/api.w.org\/{rel}","templated":true}]}}