{"id":814,"date":"2019-09-27T02:25:49","date_gmt":"2019-09-27T02:25:49","guid":{"rendered":"https:\/\/ethique-rlaroche.profweb.ca\/?page_id=814"},"modified":"2019-09-28T19:02:19","modified_gmt":"2019-09-28T19:02:19","slug":"chang-5","status":"publish","type":"page","link":"http:\/\/www.ethique-rlaroche.philo-cvm.ca\/?page_id=814","title":{"rendered":"Chang"},"content":{"rendered":"\n<blockquote class=\"wp-block-quote is-layout-flow wp-block-quote-is-layout-flow\"><p> \u00c0 l\u2019ext\u00e9rieur du stade, par-dessus les tribunes \u00e0 la droite du terrain, apr\u00e8s le parking le plus s\u00e9curis\u00e9 du South Bronx, seulement un mile \u00e0 l\u2019est de l\u00e0, des minces volutes de fum\u00e9e grise s\u2019\u00e9tiraient dans le ciel. Puis les flammes prirent et des nuages de cendre s\u2019\u00e9lev\u00e8rent en tourbillons. <\/p><\/blockquote>\n\n\n\n<p style=\"text-align:center\" class=\"has-larger-font-size\"><a rel=\"noreferrer noopener\" aria-label=\"HIP (s\u2019ouvre dans un nouvel onglet)\" href=\"https:\/\/www.dailymotion.com\/video\/x217ce\" target=\"_blank\">HIP<\/a>&#8211;<a href=\"http:\/\/www.philo-cvm.ca\/?page_id=900\">HOP<\/a><\/p>\n","protected":false},"excerpt":{"rendered":"<p>\u00c0 l\u2019ext\u00e9rieur du stade, par-dessus les tribunes \u00e0 la droite du terrain, apr\u00e8s le parking le plus s\u00e9curis\u00e9 du South Bronx, seulement un mile \u00e0 &#8230;<\/p>\n","protected":false},"author":1,"featured_media":546,"parent":0,"menu_order":0,"comment_status":"closed","ping_status":"closed","template":"","meta":{"footnotes":""},"class_list":["post-814","page","type-page","status-publish","has-post-thumbnail","hentry"],"_links":{"self":[{"href":"http:\/\/www.ethique-rlaroche.philo-cvm.ca\/index.php?rest_route=\/wp\/v2\/pages\/814","targetHints":{"allow":["GET"]}}],"collection":[{"href":"http:\/\/www.ethique-rlaroche.philo-cvm.ca\/index.php?rest_route=\/wp\/v2\/pages"}],"about":[{"href":"http:\/\/www.ethique-rlaroche.philo-cvm.ca\/index.php?rest_route=\/wp\/v2\/types\/page"}],"author":[{"embeddable":true,"href":"http:\/\/www.ethique-rlaroche.philo-cvm.ca\/index.php?rest_route=\/wp\/v2\/users\/1"}],"replies":[{"embeddable":true,"href":"http:\/\/www.ethique-rlaroche.philo-cvm.ca\/index.php?rest_route=%2Fwp%2Fv2%2Fcomments&post=814"}],"version-history":[{"count":9,"href":"http:\/\/www.ethique-rlaroche.philo-cvm.ca\/index.php?rest_route=\/wp\/v2\/pages\/814\/revisions"}],"predecessor-version":[{"id":905,"href":"http:\/\/www.ethique-rlaroche.philo-cvm.ca\/index.php?rest_route=\/wp\/v2\/pages\/814\/revisions\/905"}],"wp:featuredmedia":[{"embeddable":true,"href":"http:\/\/www.ethique-rlaroche.philo-cvm.ca\/index.php?rest_route=\/wp\/v2\/media\/546"}],"wp:attachment":[{"href":"http:\/\/www.ethique-rlaroche.philo-cvm.ca\/index.php?rest_route=%2Fwp%2Fv2%2Fmedia&parent=814"}],"curies":[{"name":"wp","href":"https:\/\/api.w.org\/{rel}","templated":true}]}}