{"id":6761,"date":"2020-11-23T22:51:33","date_gmt":"2020-11-23T22:51:33","guid":{"rendered":"https:\/\/ethique-rlaroche.profweb.ca\/?page_id=6761"},"modified":"2021-11-20T19:51:49","modified_gmt":"2021-11-20T19:51:49","slug":"6761-2","status":"publish","type":"page","link":"http:\/\/www.ethique-rlaroche.philo-cvm.ca\/?page_id=6761","title":{"rendered":"Jean Sioui, Le couteau croche.5"},"content":{"rendered":"\n<p>Indien cart\u00e9<\/p>\n\n\n\n<p>En r\u00e9serve<\/p>\n\n\n\n<p>\u00c9cart\u00e9<\/p>\n\n\n\n<p>Sans taxes<\/p>\n\n\n\n<p>\u00c9dent\u00e9s<\/p>\n\n\n\n<p>Dentistes improvis\u00e9<\/p>\n\n\n\n<p>Militaire en mission<\/p>\n\n\n\n<p>C&rsquo;est gratuit pour les petits sauvages<\/p>\n\n\n\n<p>Pauvre \u00e0 l&rsquo;\u00e9cole des Blancs<\/p>\n\n\n\n<p>\u00c0 grands coups de trente sous<\/p>\n\n\n\n<p>Collectionneur de petits chinois<\/p>\n\n\n\n<p>Une \u00e9toile en papier sur une corde \u00e0 linge<\/p>\n\n\n\n<p>Qui avance \u00e0 chaque don<\/p>\n\n\n\n<p>Jusqu&rsquo;\u00e0 l&rsquo;image d&rsquo;une vierge qui sourit<\/p>\n\n\n\n<p>Des s\u0153urs de la charit\u00e9 habiles \u00e0 la strappe<\/p>\n\n\n\n<p>Qui p\u00e8tent des r\u00e8gles dans le dos<\/p>\n\n\n\n<p>Un indien<\/p>\n\n\n\n<p>\u00c9duqu\u00e9<\/p>\n\n\n\n<p>Catholique<\/p>\n\n\n\n<p>Alcoolique les fins de semaine<\/p>\n\n\n\n<p>les pr\u00e9jug\u00e9s me donnent le go\u00fbt de rire de moi<\/p>\n\n\n\n<div class=\"wp-block-buttons is-layout-flex wp-block-buttons-is-layout-flex\">\n<div class=\"wp-block-button\"><a class=\"wp-block-button__link\" href=\"http:\/\/www.philo-cvm.ca\/?page_id=6765\">Sentier<\/a><\/div>\n<\/div>\n\n\n\n<p><\/p>\n","protected":false},"excerpt":{"rendered":"<p>Indien cart\u00e9 En r\u00e9serve \u00c9cart\u00e9 Sans taxes \u00c9dent\u00e9s Dentistes improvis\u00e9 Militaire en mission C&rsquo;est gratuit pour les petits sauvages Pauvre \u00e0 l&rsquo;\u00e9cole des Blancs \u00c0 &#8230;<\/p>\n","protected":false},"author":1,"featured_media":6763,"parent":0,"menu_order":0,"comment_status":"closed","ping_status":"closed","template":"","meta":{"footnotes":""},"class_list":["post-6761","page","type-page","status-publish","has-post-thumbnail","hentry"],"_links":{"self":[{"href":"http:\/\/www.ethique-rlaroche.philo-cvm.ca\/index.php?rest_route=\/wp\/v2\/pages\/6761","targetHints":{"allow":["GET"]}}],"collection":[{"href":"http:\/\/www.ethique-rlaroche.philo-cvm.ca\/index.php?rest_route=\/wp\/v2\/pages"}],"about":[{"href":"http:\/\/www.ethique-rlaroche.philo-cvm.ca\/index.php?rest_route=\/wp\/v2\/types\/page"}],"author":[{"embeddable":true,"href":"http:\/\/www.ethique-rlaroche.philo-cvm.ca\/index.php?rest_route=\/wp\/v2\/users\/1"}],"replies":[{"embeddable":true,"href":"http:\/\/www.ethique-rlaroche.philo-cvm.ca\/index.php?rest_route=%2Fwp%2Fv2%2Fcomments&post=6761"}],"version-history":[{"count":3,"href":"http:\/\/www.ethique-rlaroche.philo-cvm.ca\/index.php?rest_route=\/wp\/v2\/pages\/6761\/revisions"}],"predecessor-version":[{"id":17097,"href":"http:\/\/www.ethique-rlaroche.philo-cvm.ca\/index.php?rest_route=\/wp\/v2\/pages\/6761\/revisions\/17097"}],"wp:featuredmedia":[{"embeddable":true,"href":"http:\/\/www.ethique-rlaroche.philo-cvm.ca\/index.php?rest_route=\/wp\/v2\/media\/6763"}],"wp:attachment":[{"href":"http:\/\/www.ethique-rlaroche.philo-cvm.ca\/index.php?rest_route=%2Fwp%2Fv2%2Fmedia&parent=6761"}],"curies":[{"name":"wp","href":"https:\/\/api.w.org\/{rel}","templated":true}]}}