{"id":6717,"date":"2020-11-23T21:02:22","date_gmt":"2020-11-23T21:02:22","guid":{"rendered":"https:\/\/ethique-rlaroche.profweb.ca\/?page_id=6717"},"modified":"2021-11-20T19:14:45","modified_gmt":"2021-11-20T19:14:45","slug":"nomade-9","status":"publish","type":"page","link":"http:\/\/www.ethique-rlaroche.philo-cvm.ca\/?page_id=6717","title":{"rendered":"Naomi Fontaine, Kuessipan.9"},"content":{"rendered":"\n<p>J&rsquo;aimerais que vous la connaissiez, la fille au ventre rond. Celle qui \u00e9l\u00e8vera seule ses enfants. Qui criera apr\u00e8s son copain qui l&rsquo;aura tromp\u00e9e. Qui pleurera seule dans son salon, qui changera des couches toute sa vie. Qui cherchera \u00e0 travailler \u00e0 l&rsquo;\u00e2ge de trente ans, qui finira son secondaire \u00e0 trente-cinq, qui commencera \u00e0 vivre trop tard, qui mourra trop t\u00f4t, compl\u00e8tement \u00e9puis\u00e9e et insatisfaite.<\/p>\n\n\n\n<div class=\"wp-block-buttons is-layout-flex wp-block-buttons-is-layout-flex\">\n<div class=\"wp-block-button\"><a class=\"wp-block-button__link\" href=\"http:\/\/www.philo-cvm.ca\/?page_id=6722\">Sentier<\/a><\/div>\n<\/div>\n","protected":false},"excerpt":{"rendered":"<p>J&rsquo;aimerais que vous la connaissiez, la fille au ventre rond. Celle qui \u00e9l\u00e8vera seule ses enfants. Qui criera apr\u00e8s son copain qui l&rsquo;aura tromp\u00e9e. Qui &#8230;<\/p>\n","protected":false},"author":1,"featured_media":6720,"parent":0,"menu_order":0,"comment_status":"closed","ping_status":"closed","template":"","meta":{"footnotes":""},"class_list":["post-6717","page","type-page","status-publish","has-post-thumbnail","hentry"],"_links":{"self":[{"href":"http:\/\/www.ethique-rlaroche.philo-cvm.ca\/index.php?rest_route=\/wp\/v2\/pages\/6717","targetHints":{"allow":["GET"]}}],"collection":[{"href":"http:\/\/www.ethique-rlaroche.philo-cvm.ca\/index.php?rest_route=\/wp\/v2\/pages"}],"about":[{"href":"http:\/\/www.ethique-rlaroche.philo-cvm.ca\/index.php?rest_route=\/wp\/v2\/types\/page"}],"author":[{"embeddable":true,"href":"http:\/\/www.ethique-rlaroche.philo-cvm.ca\/index.php?rest_route=\/wp\/v2\/users\/1"}],"replies":[{"embeddable":true,"href":"http:\/\/www.ethique-rlaroche.philo-cvm.ca\/index.php?rest_route=%2Fwp%2Fv2%2Fcomments&post=6717"}],"version-history":[{"count":4,"href":"http:\/\/www.ethique-rlaroche.philo-cvm.ca\/index.php?rest_route=\/wp\/v2\/pages\/6717\/revisions"}],"predecessor-version":[{"id":17074,"href":"http:\/\/www.ethique-rlaroche.philo-cvm.ca\/index.php?rest_route=\/wp\/v2\/pages\/6717\/revisions\/17074"}],"wp:featuredmedia":[{"embeddable":true,"href":"http:\/\/www.ethique-rlaroche.philo-cvm.ca\/index.php?rest_route=\/wp\/v2\/media\/6720"}],"wp:attachment":[{"href":"http:\/\/www.ethique-rlaroche.philo-cvm.ca\/index.php?rest_route=%2Fwp%2Fv2%2Fmedia&parent=6717"}],"curies":[{"name":"wp","href":"https:\/\/api.w.org\/{rel}","templated":true}]}}