{"id":6682,"date":"2020-11-23T20:05:23","date_gmt":"2020-11-23T20:05:23","guid":{"rendered":"https:\/\/ethique-rlaroche.profweb.ca\/?page_id=6682"},"modified":"2021-11-20T19:11:29","modified_gmt":"2021-11-20T19:11:29","slug":"nomade-2","status":"publish","type":"page","link":"http:\/\/www.ethique-rlaroche.philo-cvm.ca\/?page_id=6682","title":{"rendered":"Naomi Fontaine, Kuessipan.2"},"content":{"rendered":"\n<p>L&rsquo;homme que j&rsquo;ai invent\u00e9, je l&rsquo;aimais. Et ces autres vies, je les ai embellies. Je voulais voir la beaut\u00e9, je voulais la faire. D\u00e9naturer les choses &#8211; je ne veux pas nommer ces choses &#8211; pour n&rsquo;en voir que le tison qui  br\u00fble encore dans le c\u0153ur des premiers habitants.<\/p>\n\n\n\n<div class=\"wp-block-buttons is-layout-flex wp-block-buttons-is-layout-flex\">\n<div class=\"wp-block-button\"><a class=\"wp-block-button__link\" href=\"http:\/\/www.philo-cvm.ca\/?page_id=6687\">Sentier<\/a><\/div>\n<\/div>\n","protected":false},"excerpt":{"rendered":"<p>L&rsquo;homme que j&rsquo;ai invent\u00e9, je l&rsquo;aimais. Et ces autres vies, je les ai embellies. Je voulais voir la beaut\u00e9, je voulais la faire. D\u00e9naturer les &#8230;<\/p>\n","protected":false},"author":1,"featured_media":6685,"parent":0,"menu_order":0,"comment_status":"closed","ping_status":"closed","template":"","meta":{"footnotes":""},"class_list":["post-6682","page","type-page","status-publish","has-post-thumbnail","hentry"],"_links":{"self":[{"href":"http:\/\/www.ethique-rlaroche.philo-cvm.ca\/index.php?rest_route=\/wp\/v2\/pages\/6682","targetHints":{"allow":["GET"]}}],"collection":[{"href":"http:\/\/www.ethique-rlaroche.philo-cvm.ca\/index.php?rest_route=\/wp\/v2\/pages"}],"about":[{"href":"http:\/\/www.ethique-rlaroche.philo-cvm.ca\/index.php?rest_route=\/wp\/v2\/types\/page"}],"author":[{"embeddable":true,"href":"http:\/\/www.ethique-rlaroche.philo-cvm.ca\/index.php?rest_route=\/wp\/v2\/users\/1"}],"replies":[{"embeddable":true,"href":"http:\/\/www.ethique-rlaroche.philo-cvm.ca\/index.php?rest_route=%2Fwp%2Fv2%2Fcomments&post=6682"}],"version-history":[{"count":4,"href":"http:\/\/www.ethique-rlaroche.philo-cvm.ca\/index.php?rest_route=\/wp\/v2\/pages\/6682\/revisions"}],"predecessor-version":[{"id":17067,"href":"http:\/\/www.ethique-rlaroche.philo-cvm.ca\/index.php?rest_route=\/wp\/v2\/pages\/6682\/revisions\/17067"}],"wp:featuredmedia":[{"embeddable":true,"href":"http:\/\/www.ethique-rlaroche.philo-cvm.ca\/index.php?rest_route=\/wp\/v2\/media\/6685"}],"wp:attachment":[{"href":"http:\/\/www.ethique-rlaroche.philo-cvm.ca\/index.php?rest_route=%2Fwp%2Fv2%2Fmedia&parent=6682"}],"curies":[{"name":"wp","href":"https:\/\/api.w.org\/{rel}","templated":true}]}}