{"id":6637,"date":"2020-11-18T20:48:00","date_gmt":"2020-11-18T20:48:00","guid":{"rendered":"https:\/\/ethique-rlaroche.profweb.ca\/?page_id=6637"},"modified":"2020-11-18T22:44:20","modified_gmt":"2020-11-18T22:44:20","slug":"comparaison-de-votre-reflexion-avec-la-theorie-de-la-justice-de-john-rawls","status":"publish","type":"page","link":"http:\/\/www.ethique-rlaroche.philo-cvm.ca\/?page_id=6637","title":{"rendered":"Comparaison de votre r\u00e9flexion avec la th\u00e9orie de la justice de John Rawls"},"content":{"rendered":"\n<h4 class=\"wp-block-heading\">Selon notre auteur, la r\u00e9partition \u00e9quitable des biens premiers comprendrait :<\/h4>\n\n\n\n<ul class=\"wp-block-list\"><li><em>Les revenus et la richesse, <\/em><\/li><li><em>Les pouvoirs, <\/em><\/li><li><em>Les opportunit\u00e9s <\/em><\/li><li><em>Les bases sociales du respect de soi.<\/em><\/li><\/ul>\n\n\n\n<p><em>Ainsi que les libert\u00e9s fondamentales<\/em>, donc &#8230;<\/p>\n\n\n\n<ul class=\"wp-block-list\"><li><em>Les libert\u00e9s politiques (droit de vote, droit d\u2019occuper un poste public);<\/em> <\/li><li><em>Les libert\u00e9s d\u2019expression, de r\u00e9union, de pens\u00e9e et de conscience;<\/em> <\/li><li><em>La protection de l\u2019int\u00e9grit\u00e9 de la personne contre les agressions tant psychologiques que physiques;<\/em> <\/li><li><em>Le droit de propri\u00e9t\u00e9 personnelle ainsi que la protection contre l\u2019arrestation et l\u2019emprisonnement arbitraires.<\/em><\/li><\/ul>\n\n\n\n<h4 class=\"wp-block-heading\">Une soci\u00e9t\u00e9 juste s\u2019appuierait sur les principes de justice suivant : <\/h4>\n\n\n\n<ul class=\"wp-block-list\"><li><em>Le principe des libert\u00e9s \u00e9gales selon lequel chaque personne doit avoir un droit \u00e9gal \u00e0 un ensemble ad\u00e9quat de libert\u00e9s fondamentales compatibles avec celles des autres.<\/em><\/li><li><em>Le principe de diff\u00e9rence selon lequel les in\u00e9galit\u00e9s \u00e9conomiques et sociales doivent \u00eatre\u00a0:<\/em> <em>au b\u00e9n\u00e9fice de tous et surtout des plus d\u00e9savantag\u00e9s;<\/em> <em>attach\u00e9es \u00e0 des fonctions et \u00e0 des positions ouvertes \u00e0 tous, conform\u00e9ment au principe de la juste \u00e9galit\u00e9 des chances.<\/em><\/li><\/ul>\n\n\n\n<h4 class=\"wp-block-heading\">Quelles sont les diff\u00e9rences et les ressemblances entre votre th\u00e9orie de la justice et celle de John Rawls? <\/h4>\n\n\n\n<h3 class=\"has-text-align-center wp-block-heading\"><a href=\"http:\/\/www.philo-cvm.ca\/?page_id=6644\">R\u00c9FLEXION CRITIQUE<\/a><\/h3>\n","protected":false},"excerpt":{"rendered":"<p>Selon notre auteur, la r\u00e9partition \u00e9quitable des biens premiers comprendrait : Les revenus et la richesse, Les pouvoirs, Les opportunit\u00e9s Les bases sociales du respect &#8230;<\/p>\n","protected":false},"author":1,"featured_media":6640,"parent":0,"menu_order":0,"comment_status":"open","ping_status":"closed","template":"","meta":{"footnotes":""},"class_list":["post-6637","page","type-page","status-publish","has-post-thumbnail","hentry"],"_links":{"self":[{"href":"http:\/\/www.ethique-rlaroche.philo-cvm.ca\/index.php?rest_route=\/wp\/v2\/pages\/6637","targetHints":{"allow":["GET"]}}],"collection":[{"href":"http:\/\/www.ethique-rlaroche.philo-cvm.ca\/index.php?rest_route=\/wp\/v2\/pages"}],"about":[{"href":"http:\/\/www.ethique-rlaroche.philo-cvm.ca\/index.php?rest_route=\/wp\/v2\/types\/page"}],"author":[{"embeddable":true,"href":"http:\/\/www.ethique-rlaroche.philo-cvm.ca\/index.php?rest_route=\/wp\/v2\/users\/1"}],"replies":[{"embeddable":true,"href":"http:\/\/www.ethique-rlaroche.philo-cvm.ca\/index.php?rest_route=%2Fwp%2Fv2%2Fcomments&post=6637"}],"version-history":[{"count":6,"href":"http:\/\/www.ethique-rlaroche.philo-cvm.ca\/index.php?rest_route=\/wp\/v2\/pages\/6637\/revisions"}],"predecessor-version":[{"id":6661,"href":"http:\/\/www.ethique-rlaroche.philo-cvm.ca\/index.php?rest_route=\/wp\/v2\/pages\/6637\/revisions\/6661"}],"wp:featuredmedia":[{"embeddable":true,"href":"http:\/\/www.ethique-rlaroche.philo-cvm.ca\/index.php?rest_route=\/wp\/v2\/media\/6640"}],"wp:attachment":[{"href":"http:\/\/www.ethique-rlaroche.philo-cvm.ca\/index.php?rest_route=%2Fwp%2Fv2%2Fmedia&parent=6637"}],"curies":[{"name":"wp","href":"https:\/\/api.w.org\/{rel}","templated":true}]}}