{"id":6619,"date":"2020-11-18T20:05:31","date_gmt":"2020-11-18T20:05:31","guid":{"rendered":"https:\/\/ethique-rlaroche.profweb.ca\/?page_id=6619"},"modified":"2020-11-18T21:16:00","modified_gmt":"2020-11-18T21:16:00","slug":"le-voile-dignorance","status":"publish","type":"page","link":"http:\/\/www.ethique-rlaroche.philo-cvm.ca\/?page_id=6619","title":{"rendered":"Le voile d&rsquo;ignorance"},"content":{"rendered":"\n<p><em>Afin de garantir leur impartialit\u00e9 au cours de l\u2019\u00e9laboration des principes de justice, les participant.es \u00e0 la d\u00e9lib\u00e9ration devront tout ignorer de leurs attributs naturels et de leur condition socio\u00e9conomique r\u00e9elle.<\/em><\/p>\n\n\n\n<h4 class=\"wp-block-heading\">Afin de pouvoir en faire abstraction, identifiez chacun pour soi ses principaux attributs naturels (physiques, psychologiques), socio\u00e9conomiques ainsi que ses int\u00e9r\u00eats personnels.<\/h4>\n\n\n\n<h4 class=\"wp-block-heading\">Toujours dans le but de pouvoir vous d\u00e9faire de ce que vous observez dans les faits, d\u00e9crivez en \u00e9quipe les principales conditions socio\u00e9conomiques dont sont issus les individus vivant dans notre soci\u00e9t\u00e9.<\/h4>\n\n\n\n<p class=\"has-text-align-center\"><a href=\"http:\/\/www.philo-cvm.ca\/?page_id=6626\">CLIQUEZ ICI LORSQUE VOUS ARRIVEREZ \u00c0 ATTEINDRE UN V\u00c9RITABLE \u00c9TAT D&rsquo;IMPARTIALIT\u00c9<\/a><\/p>\n","protected":false},"excerpt":{"rendered":"<p>Afin de garantir leur impartialit\u00e9 au cours de l\u2019\u00e9laboration des principes de justice, les participant.es \u00e0 la d\u00e9lib\u00e9ration devront tout ignorer de leurs attributs naturels &#8230;<\/p>\n","protected":false},"author":1,"featured_media":6621,"parent":0,"menu_order":0,"comment_status":"open","ping_status":"closed","template":"","meta":{"footnotes":""},"class_list":["post-6619","page","type-page","status-publish","has-post-thumbnail","hentry"],"_links":{"self":[{"href":"http:\/\/www.ethique-rlaroche.philo-cvm.ca\/index.php?rest_route=\/wp\/v2\/pages\/6619","targetHints":{"allow":["GET"]}}],"collection":[{"href":"http:\/\/www.ethique-rlaroche.philo-cvm.ca\/index.php?rest_route=\/wp\/v2\/pages"}],"about":[{"href":"http:\/\/www.ethique-rlaroche.philo-cvm.ca\/index.php?rest_route=\/wp\/v2\/types\/page"}],"author":[{"embeddable":true,"href":"http:\/\/www.ethique-rlaroche.philo-cvm.ca\/index.php?rest_route=\/wp\/v2\/users\/1"}],"replies":[{"embeddable":true,"href":"http:\/\/www.ethique-rlaroche.philo-cvm.ca\/index.php?rest_route=%2Fwp%2Fv2%2Fcomments&post=6619"}],"version-history":[{"count":4,"href":"http:\/\/www.ethique-rlaroche.philo-cvm.ca\/index.php?rest_route=\/wp\/v2\/pages\/6619\/revisions"}],"predecessor-version":[{"id":6651,"href":"http:\/\/www.ethique-rlaroche.philo-cvm.ca\/index.php?rest_route=\/wp\/v2\/pages\/6619\/revisions\/6651"}],"wp:featuredmedia":[{"embeddable":true,"href":"http:\/\/www.ethique-rlaroche.philo-cvm.ca\/index.php?rest_route=\/wp\/v2\/media\/6621"}],"wp:attachment":[{"href":"http:\/\/www.ethique-rlaroche.philo-cvm.ca\/index.php?rest_route=%2Fwp%2Fv2%2Fmedia&parent=6619"}],"curies":[{"name":"wp","href":"https:\/\/api.w.org\/{rel}","templated":true}]}}