{"id":5987,"date":"2020-10-29T21:40:28","date_gmt":"2020-10-29T21:40:28","guid":{"rendered":"https:\/\/ethique-rlaroche.profweb.ca\/?page_id=5987"},"modified":"2021-11-20T19:30:27","modified_gmt":"2021-11-20T19:30:27","slug":"5987-2","status":"publish","type":"page","link":"http:\/\/www.ethique-rlaroche.philo-cvm.ca\/?page_id=5987","title":{"rendered":"Jean Sioui, Mon couteau croche.1"},"content":{"rendered":"\n<p>J&rsquo;ai lac\u00e9 des raquettes<\/p>\n\n\n\n<p>Sur une terre babiche<\/p>\n\n\n\n<p>Ouendake<\/p>\n\n\n\n<p>J&rsquo;\u00e9tais chez moi<\/p>\n\n\n\n<p>J&rsquo;ai lu tant de livres<\/p>\n\n\n\n<p>D&rsquo;une mission \u00e9trange<\/p>\n\n\n\n<p>J&rsquo;\u00e9tais perdu<\/p>\n\n\n\n<p>Derri\u00e8re mes raquettes<\/p>\n\n\n\n<p>J&rsquo;ai beaucoup ri<\/p>\n\n\n\n<p>Derri\u00e8re mon pupitre<\/p>\n\n\n\n<p>On m&rsquo;a appris le silence<\/p>\n\n\n\n<p>Instruit \u00e0 grands coups<\/p>\n\n\n\n<p>Mes doigts se rappellent<\/p>\n\n\n\n<p>La peau de daim<\/p>\n\n\n\n<p>L&rsquo;aiguille en os<\/p>\n\n\n\n<p>Le couteau croche<\/p>\n\n\n\n<p>Mes cuisses se rappellent<\/p>\n\n\n\n<p>La strappe de cuir<\/p>\n\n\n\n<p>La r\u00e8gle en bois<\/p>\n\n\n\n<p>Le coin de la classe<\/p>\n\n\n\n<p>Ma t\u00eate se perd<\/p>\n\n\n\n<p>Entre deux peaux<\/p>\n\n\n\n<div class=\"wp-block-buttons is-layout-flex wp-block-buttons-is-layout-flex\">\n<div class=\"wp-block-button\"><a class=\"wp-block-button__link\" href=\"http:\/\/www.philo-cvm.ca\/?page_id=5991\" target=\"_blank\" rel=\"noreferrer noopener\">Sentier<\/a><\/div>\n<\/div>\n","protected":false},"excerpt":{"rendered":"<p>J&rsquo;ai lac\u00e9 des raquettes Sur une terre babiche Ouendake J&rsquo;\u00e9tais chez moi J&rsquo;ai lu tant de livres D&rsquo;une mission \u00e9trange J&rsquo;\u00e9tais perdu Derri\u00e8re mes raquettes &#8230;<\/p>\n","protected":false},"author":1,"featured_media":5989,"parent":0,"menu_order":0,"comment_status":"closed","ping_status":"closed","template":"","meta":{"footnotes":""},"class_list":["post-5987","page","type-page","status-publish","has-post-thumbnail","hentry"],"_links":{"self":[{"href":"http:\/\/www.ethique-rlaroche.philo-cvm.ca\/index.php?rest_route=\/wp\/v2\/pages\/5987","targetHints":{"allow":["GET"]}}],"collection":[{"href":"http:\/\/www.ethique-rlaroche.philo-cvm.ca\/index.php?rest_route=\/wp\/v2\/pages"}],"about":[{"href":"http:\/\/www.ethique-rlaroche.philo-cvm.ca\/index.php?rest_route=\/wp\/v2\/types\/page"}],"author":[{"embeddable":true,"href":"http:\/\/www.ethique-rlaroche.philo-cvm.ca\/index.php?rest_route=\/wp\/v2\/users\/1"}],"replies":[{"embeddable":true,"href":"http:\/\/www.ethique-rlaroche.philo-cvm.ca\/index.php?rest_route=%2Fwp%2Fv2%2Fcomments&post=5987"}],"version-history":[{"count":3,"href":"http:\/\/www.ethique-rlaroche.philo-cvm.ca\/index.php?rest_route=\/wp\/v2\/pages\/5987\/revisions"}],"predecessor-version":[{"id":17084,"href":"http:\/\/www.ethique-rlaroche.philo-cvm.ca\/index.php?rest_route=\/wp\/v2\/pages\/5987\/revisions\/17084"}],"wp:featuredmedia":[{"embeddable":true,"href":"http:\/\/www.ethique-rlaroche.philo-cvm.ca\/index.php?rest_route=\/wp\/v2\/media\/5989"}],"wp:attachment":[{"href":"http:\/\/www.ethique-rlaroche.philo-cvm.ca\/index.php?rest_route=%2Fwp%2Fv2%2Fmedia&parent=5987"}],"curies":[{"name":"wp","href":"https:\/\/api.w.org\/{rel}","templated":true}]}}