{"id":5842,"date":"2020-10-27T23:07:57","date_gmt":"2020-10-27T23:07:57","guid":{"rendered":"https:\/\/ethique-rlaroche.profweb.ca\/?page_id=5842"},"modified":"2021-11-20T19:00:41","modified_gmt":"2021-11-20T19:00:41","slug":"5842-2","status":"publish","type":"page","link":"http:\/\/www.ethique-rlaroche.philo-cvm.ca\/?page_id=5842","title":{"rendered":"Jos\u00e9phine Bacon, Uiesh, Quelque part.3"},"content":{"rendered":"\n<p>Je vis la grandeur du vent<\/p>\n\n\n\n<p>Je sens sa beaut\u00e9<\/p>\n\n\n\n<p>Le vent me prend dans ses bras<\/p>\n\n\n\n<p>Il souffle un air m\u00e9lodieux<\/p>\n\n\n\n<p>Que j&rsquo;aimerais \u00e9crire<\/p>\n\n\n\n<p>***<\/p>\n\n\n\n<p>Nuapateti eshpitenitakuak nutin<\/p>\n\n\n\n<p>Nuapaten eshpish minuashit<\/p>\n\n\n\n<p>Nitakussiniku nutin<\/p>\n\n\n\n<p>Nikamuitik<\/p>\n\n\n\n<p>Nipa minuenitamuan tutamuk unikamun<\/p>\n\n\n\n<div class=\"wp-block-buttons is-layout-flex wp-block-buttons-is-layout-flex\">\n<div class=\"wp-block-button\"><a class=\"wp-block-button__link\" href=\"http:\/\/www.philo-cvm.ca\/?page_id=5846\">Sentier<\/a><\/div>\n<\/div>\n","protected":false},"excerpt":{"rendered":"<p>Je vis la grandeur du vent Je sens sa beaut\u00e9 Le vent me prend dans ses bras Il souffle un air m\u00e9lodieux Que j&rsquo;aimerais \u00e9crire &#8230;<\/p>\n","protected":false},"author":1,"featured_media":5845,"parent":0,"menu_order":0,"comment_status":"closed","ping_status":"closed","template":"","meta":{"footnotes":""},"class_list":["post-5842","page","type-page","status-publish","has-post-thumbnail","hentry"],"_links":{"self":[{"href":"http:\/\/www.ethique-rlaroche.philo-cvm.ca\/index.php?rest_route=\/wp\/v2\/pages\/5842","targetHints":{"allow":["GET"]}}],"collection":[{"href":"http:\/\/www.ethique-rlaroche.philo-cvm.ca\/index.php?rest_route=\/wp\/v2\/pages"}],"about":[{"href":"http:\/\/www.ethique-rlaroche.philo-cvm.ca\/index.php?rest_route=\/wp\/v2\/types\/page"}],"author":[{"embeddable":true,"href":"http:\/\/www.ethique-rlaroche.philo-cvm.ca\/index.php?rest_route=\/wp\/v2\/users\/1"}],"replies":[{"embeddable":true,"href":"http:\/\/www.ethique-rlaroche.philo-cvm.ca\/index.php?rest_route=%2Fwp%2Fv2%2Fcomments&post=5842"}],"version-history":[{"count":3,"href":"http:\/\/www.ethique-rlaroche.philo-cvm.ca\/index.php?rest_route=\/wp\/v2\/pages\/5842\/revisions"}],"predecessor-version":[{"id":17053,"href":"http:\/\/www.ethique-rlaroche.philo-cvm.ca\/index.php?rest_route=\/wp\/v2\/pages\/5842\/revisions\/17053"}],"wp:featuredmedia":[{"embeddable":true,"href":"http:\/\/www.ethique-rlaroche.philo-cvm.ca\/index.php?rest_route=\/wp\/v2\/media\/5845"}],"wp:attachment":[{"href":"http:\/\/www.ethique-rlaroche.philo-cvm.ca\/index.php?rest_route=%2Fwp%2Fv2%2Fmedia&parent=5842"}],"curies":[{"name":"wp","href":"https:\/\/api.w.org\/{rel}","templated":true}]}}