{"id":4855,"date":"2020-09-18T21:53:00","date_gmt":"2020-09-18T21:53:00","guid":{"rendered":"https:\/\/ethique-rlaroche.profweb.ca\/?page_id=4855"},"modified":"2020-09-23T19:21:39","modified_gmt":"2020-09-23T19:21:39","slug":"la-force-du-droit","status":"publish","type":"page","link":"http:\/\/www.ethique-rlaroche.philo-cvm.ca\/?page_id=4855","title":{"rendered":"La force du droit"},"content":{"rendered":"\n<p>La lecture de l&rsquo;histoire de la chasse aux sorci\u00e8res g\u00e9n\u00e9ralement admise consiste \u00e0 affirmer que la mise au b\u00fbcher des sorci\u00e8res aurait cess\u00e9 gr\u00e2ce \u00e0 l&rsquo;av\u00e8nement de la rationalit\u00e9. Or les auteures que nous avons lues montrent que la violence des r\u00e9pressions faites aux femmes a augment\u00e9e plut\u00f4t que diminu\u00e9e avec l&rsquo;\u00e9mergence de la modernit\u00e9 comprenant la souverainet\u00e9 des \u00c9tats, l&rsquo;Humanisme de la Renaissance, le rationalisme scientifique, le capitalisme et le Droit. <\/p>\n\n\n\n<p class=\"has-text-align-center\"><strong>Selon Armelle Le Bras-Choppard l&rsquo;explication tient dans l&rsquo;id\u00e9e que la r\u00e9pression physique des sorci\u00e8res n&rsquo;aurait plus \u00e9t\u00e9 n\u00e9cessaire d\u00e8s lors que la loi avait rendu la femme ob\u00e9issante. <\/strong><\/p>\n\n\n\n<p class=\"has-text-align-center\">Quels liens faites-vous entre cette th\u00e8se et l&rsquo;image mise en ent\u00eate.<\/p>\n","protected":false},"excerpt":{"rendered":"<p>La lecture de l&rsquo;histoire de la chasse aux sorci\u00e8res g\u00e9n\u00e9ralement admise consiste \u00e0 affirmer que la mise au b\u00fbcher des sorci\u00e8res aurait cess\u00e9 gr\u00e2ce \u00e0 &#8230;<\/p>\n","protected":false},"author":1,"featured_media":4935,"parent":0,"menu_order":0,"comment_status":"open","ping_status":"closed","template":"","meta":{"footnotes":""},"class_list":["post-4855","page","type-page","status-publish","has-post-thumbnail","hentry"],"_links":{"self":[{"href":"http:\/\/www.ethique-rlaroche.philo-cvm.ca\/index.php?rest_route=\/wp\/v2\/pages\/4855","targetHints":{"allow":["GET"]}}],"collection":[{"href":"http:\/\/www.ethique-rlaroche.philo-cvm.ca\/index.php?rest_route=\/wp\/v2\/pages"}],"about":[{"href":"http:\/\/www.ethique-rlaroche.philo-cvm.ca\/index.php?rest_route=\/wp\/v2\/types\/page"}],"author":[{"embeddable":true,"href":"http:\/\/www.ethique-rlaroche.philo-cvm.ca\/index.php?rest_route=\/wp\/v2\/users\/1"}],"replies":[{"embeddable":true,"href":"http:\/\/www.ethique-rlaroche.philo-cvm.ca\/index.php?rest_route=%2Fwp%2Fv2%2Fcomments&post=4855"}],"version-history":[{"count":6,"href":"http:\/\/www.ethique-rlaroche.philo-cvm.ca\/index.php?rest_route=\/wp\/v2\/pages\/4855\/revisions"}],"predecessor-version":[{"id":4946,"href":"http:\/\/www.ethique-rlaroche.philo-cvm.ca\/index.php?rest_route=\/wp\/v2\/pages\/4855\/revisions\/4946"}],"wp:featuredmedia":[{"embeddable":true,"href":"http:\/\/www.ethique-rlaroche.philo-cvm.ca\/index.php?rest_route=\/wp\/v2\/media\/4935"}],"wp:attachment":[{"href":"http:\/\/www.ethique-rlaroche.philo-cvm.ca\/index.php?rest_route=%2Fwp%2Fv2%2Fmedia&parent=4855"}],"curies":[{"name":"wp","href":"https:\/\/api.w.org\/{rel}","templated":true}]}}