{"id":4355,"date":"2020-09-03T21:03:52","date_gmt":"2020-09-03T21:03:52","guid":{"rendered":"https:\/\/ethique-rlaroche.profweb.ca\/?page_id=4355"},"modified":"2022-02-07T15:56:05","modified_gmt":"2022-02-07T15:56:05","slug":"de-lheresie-au-crime-de-sorcellerie","status":"publish","type":"page","link":"http:\/\/www.ethique-rlaroche.philo-cvm.ca\/?page_id=4355","title":{"rendered":"De l\u2019h\u00e9r\u00e9sie au crime de sorcellerie"},"content":{"rendered":"\n<blockquote class=\"wp-block-quote is-layout-flow wp-block-quote-is-layout-flow\"><p>De la suspicion naissait le refus de la diff\u00e9rence derri\u00e8re laquelle se profilait le diable mais, les mots ne suffisant plus, on s\u2019orientait vers une juridiction permettant d\u2019en venir aux actes.<\/p><cite>Colette Arnould<\/cite><\/blockquote>\n\n\n\n<p>Comme l&rsquo;explique notre auteure l&rsquo;h\u00e9r\u00e9sie du point de vue des autorit\u00e9s religieuses repr\u00e9sente la condamnation morale de toute croyance contraire \u00e0 la foi chr\u00e9tienne. Par contre, du point de vue de ceux qui r\u00e9sistent au pouvoir religieux il n&rsquo;y a pas h\u00e9r\u00e9sie mais bien esprit critique ou expression d&rsquo;id\u00e9ologies et de croyances diff\u00e9rentes compar\u00e9es \u00e0 ce que les dogmes de la foi chr\u00e9tienne affirment. Il est important de bien saisir ces deux points de vue pour comprendre les conditions ayant pr\u00e9values \u00e0 l&rsquo;\u00e9mergence de l&rsquo;Inquisition.<\/p>\n\n\n\n<p>Il faut aussi nous int\u00e9resser au fait que l&rsquo;\u00c9glise elle-m\u00eame est au prise avec une crise morale interne risquant de miner son autorit\u00e9 sur la pl\u00e8be, pour le dire dans le langage p\u00e9jorativement connot\u00e9 de l&rsquo;\u00e9poque. Dans l&rsquo;extrait qui suit de l&rsquo;<em>Histoire de l&rsquo;Inquisition au Moyen-\u00e2ge<\/em> d&rsquo;H.-C. LEA, les voix qui s&rsquo;\u00e9l\u00e8vent pour critiquer le clerg\u00e9 de l&rsquo;\u00e9poque expriment bien le sentiment qui animera les Inquisiteurs pour contrer toute forme de d\u00e9cadence.<\/p>\n\n\n\n<blockquote class=\"wp-block-quote is-layout-flow wp-block-quote-is-layout-flow\"><p>Un des principaux objets de la convocation du grand concile de Latran, en 1215, \u00e9tait le d\u00e9sir de corriger les vices du clerg\u00e9. \u00c0 cet effet on adopta de nombreux canons en vue de la suppression des principaux abus, mais les d\u00e9cisions du concile rest\u00e8rent lettre morte. Les abus \u00e9taient trop profond\u00e9ment enracin\u00e9s. Quatre ans plus tard, Honorius III, dans une encyclique adress\u00e9e \u00e0 tous les pr\u00e9lats du monde chr\u00e9tien, dit qu&rsquo;il a attendu jusqu&rsquo;alors pour voir les effets du concile, mais que les maux de l&rsquo;\u00c9glise lui paraissent augmenter plut\u00f4t que diminuer. \u00abLes ministres de l&rsquo;autel, pires que des b\u00eates se roulant dans leur fumier, se font gloire de leur ignominie, comme \u00e0 Sodome. Ils sont un pi\u00e8ge et un fl\u00e9au pour les fid\u00e8les. Beaucoup de pr\u00e9lats d\u00e9pensent les biens qui sont confi\u00e9s \u00e0 leur garde et dispersent sur les places publiques les ressources du sanctuaire; ils donnent de l&rsquo;avancement aux indignes, ils dilapident les revenus de l&rsquo;\u00c9glise au profit des m\u00e9chants et transforment les \u00e9glises en conventicules \u00e0 l&rsquo;usage de leurs familles. Moines et nonnes rejettent le joug, brisent leurs chaines et se rendent aussi m\u00e9prisables que du fumier. C&rsquo;est pour cela que l&rsquo;h\u00e9r\u00e9sie fleurit. que chacun de vous ceigne son \u00e9p\u00e9e et n&rsquo;\u00e9pargne ni son fr\u00e8re ni son plus proche parent.\u00bb<\/p><p>Que fut le r\u00e9sultat de cette exhortation virulente? Nous pouvons nous en faire une id\u00e9e par la description que robert Grosseteste, \u00e9v\u00eaque de Lincoln, fit de l&rsquo;\u00c9glise en 1250, en pr\u00e9sence d&rsquo;Innocent IV et de ses cardinaux. Les d\u00e9tails sont inutiles \u00e0 rapporter; mais la conclusion, c&rsquo;est que le clerg\u00e9 est une souillure pour toute la terre que ce sont des Ant\u00e9christs et des diables ayant rev\u00eatu le masque des anges de la lumi\u00e8re, qui transforment la maison de pri\u00e8re en un repaire de voleurs. Quand l&rsquo;inquisiteur de Passau, vers 1260, essaya d&rsquo;expliquer la r\u00e9sistance de l&rsquo;h\u00e9r\u00e9sie dont il s&rsquo;effor\u00e7ait vainement d&rsquo;avoir raison, il r\u00e9digea \u00e0 cet effet une liste des crimes communs parmi le clerg\u00e9 &#8211; liste horrible par la minutie des d\u00e9tails o\u00f9 elle se compla\u00eet. Une \u00c9glise pareille \u00e0 celle qu&rsquo;il d\u00e9crit ne pouvait \u00eatre qu&rsquo;un fl\u00e9au \u00e0 la fois politique, social et moral.<\/p><\/blockquote>\n\n\n\n<p>Dans l&rsquo;extrait que nous venons de lire c&rsquo;est \u00e0 la condamnation morale des personnes d\u00e9cadentes que nous assistons. Nous remarquons aussi que la condamnation morale, m\u00eame si elle est virulente, a peu d&rsquo;effet en r\u00e9alit\u00e9 sur la transformation des m\u0153urs. <\/p>\n\n\n\n<ul class=\"wp-block-list\"><li>Prenez soin d&rsquo;expliquer ce que signifie le concept de \u00abcondamnation morale\u00bb. <\/li><li>Donnez des exemples de condamnation morale.<\/li><\/ul>\n\n\n\n<p>Pour bien comprendre ce que deviendra l&rsquo;Inquisition au moment de la Chasse aux sorci\u00e8res, il faut savoir que ce qui n&rsquo;\u00e9tait qu&rsquo;une condamnation morale sera judiciaris\u00e9. C&rsquo;est en partie ce qui explique pourquoi des milliers de femmes subiront des proc\u00e8s pour crime de sorcellerie, proc\u00e8s judiciaires qui les conduiront au b\u00fbcher apr\u00e8s avoir \u00e9t\u00e9 enferm\u00e9es et tortur\u00e9es.<\/p>\n\n\n\n<ul class=\"wp-block-list\"><li>Que signifie le concept de judiciarisation?<\/li><\/ul>\n\n\n\n<p>Au passage de la condamnation morale \u00e0 sa judiciarisation s&rsquo;ajouteront les cons\u00e9quences de la lutte de pouvoir entre l&rsquo;\u00c9glise et l&rsquo;\u00c9tat. Voyez comme il est important de nuancer nos propos car le renforcement de la judiciarisation des crimes d&rsquo;h\u00e9r\u00e9sies permettra \u00e0 la magistrature la\u00efque, c&rsquo;est-\u00e0-dire le pouvoir de l&rsquo;\u00c9tat de prendre en partie le contr\u00f4le de l&rsquo;Inquisition. Une influence plus grande qui aura pour cons\u00e9quence d&rsquo;\u00e9largir la cat\u00e9gorie des h\u00e9r\u00e9tiques. Ne seront plus consid\u00e9r\u00e9es comme h\u00e9r\u00e9tiques les seules personnes ayant des id\u00e9es contraire \u00e0 la foi chr\u00e9tienne mais celles et ceux qui ne correspondront pas aux int\u00e9r\u00eats de l&rsquo;\u00c9tat moderne naissant. <\/p>\n\n\n\n<p>Chronologiquement tel que pr\u00e9sent\u00e9 dans le document en ligne : <a href=\"http:\/\/www.philo-cvm.ca\/wp-content\/uploads\/2020\/01\/Chrono_et_lexique_-1-1.pdf\" target=\"_blank\" rel=\"noreferrer noopener\">Le monde des sorci\u00e8res, d&rsquo;hier \u00e0 aujourd&rsquo;hui.<\/a><\/p>\n\n\n\n<ul class=\"wp-block-list\"><li>1231-1233 Le pape Gr\u00e9goire III Instaure le tribunal de l&rsquo;Inquisition contre les h\u00e9r\u00e9tiques. La bulle papale <em>Vox in rama <\/em>\u00e9voque l&rsquo;existence de c\u00e9r\u00e9monies secr\u00e8tes diaboliques organis\u00e9es par des h\u00e9r\u00e9tiques. <\/li><li>1326-1327 La bulle <em>Super illius specula<\/em> de Jean XXII assimile magicien et invocateur du d\u00e9mon \u00e0 des h\u00e9r\u00e9tiques donc les sorci\u00e8res.<\/li><li>1390 Premi\u00e8re femme brul\u00e9e sur d\u00e9cision du parlement de Paris. 1442 Premi\u00e8re repr\u00e9sentation connue d&rsquo;une femme volant sur un balai&#8230;<\/li><\/ul>\n\n\n\n<div class=\"wp-block-group has-text-color\" style=\"color:#b57d7d\"><div class=\"wp-block-group__inner-container is-layout-flow wp-block-group-is-layout-flow\">\n<div class=\"wp-block-group\"><div class=\"wp-block-group__inner-container is-layout-flow wp-block-group-is-layout-flow\">\n<h4 class=\"has-background wp-block-heading\" id=\"exercice\" style=\"background-color:#e26b51\">Exercice :<\/h4>\n<\/div><\/div>\n\n\n\n<p class=\"has-text-color has-background\" style=\"background-color:#eaab9d;color:#131213\">Montrez en quoi le processus de judiciarisation fait passer la figure de la sorci\u00e8re du domaine d&rsquo;une repr\u00e9sentation plus imaginaire \u00e0 son existence dans la r\u00e9alit\u00e9 sociale. <\/p>\n\n\n\n<p class=\"has-text-color has-background\" style=\"background-color:#ebac9d;color:#131213\">D\u00e9crivez les cons\u00e9quences pour les femmes, d&rsquo;hier \u00e0 aujourd&rsquo;hui, de cette \u00e9volution des conditions historiques ayant rendu possible la chasse aux sorci\u00e8res.<\/p>\n<\/div><\/div>\n\n\n\n<h4 class=\"wp-block-heading\" id=\"presentez-vos-reponses-dans-la-fenetre-de-commentaire-ci-dessous\">Pr\u00e9sentez vos r\u00e9ponses dans la fen\u00eatre de commentaire ci-dessous.<\/h4>\n\n\n\n<p> <\/p>\n","protected":false},"excerpt":{"rendered":"<p>De la suspicion naissait le refus de la diff\u00e9rence derri\u00e8re laquelle se profilait le diable mais, les mots ne suffisant plus, on s\u2019orientait vers une &#8230;<\/p>\n","protected":false},"author":1,"featured_media":4395,"parent":0,"menu_order":0,"comment_status":"open","ping_status":"closed","template":"","meta":{"footnotes":""},"class_list":["post-4355","page","type-page","status-publish","has-post-thumbnail","hentry"],"_links":{"self":[{"href":"http:\/\/www.ethique-rlaroche.philo-cvm.ca\/index.php?rest_route=\/wp\/v2\/pages\/4355","targetHints":{"allow":["GET"]}}],"collection":[{"href":"http:\/\/www.ethique-rlaroche.philo-cvm.ca\/index.php?rest_route=\/wp\/v2\/pages"}],"about":[{"href":"http:\/\/www.ethique-rlaroche.philo-cvm.ca\/index.php?rest_route=\/wp\/v2\/types\/page"}],"author":[{"embeddable":true,"href":"http:\/\/www.ethique-rlaroche.philo-cvm.ca\/index.php?rest_route=\/wp\/v2\/users\/1"}],"replies":[{"embeddable":true,"href":"http:\/\/www.ethique-rlaroche.philo-cvm.ca\/index.php?rest_route=%2Fwp%2Fv2%2Fcomments&post=4355"}],"version-history":[{"count":22,"href":"http:\/\/www.ethique-rlaroche.philo-cvm.ca\/index.php?rest_route=\/wp\/v2\/pages\/4355\/revisions"}],"predecessor-version":[{"id":18722,"href":"http:\/\/www.ethique-rlaroche.philo-cvm.ca\/index.php?rest_route=\/wp\/v2\/pages\/4355\/revisions\/18722"}],"wp:featuredmedia":[{"embeddable":true,"href":"http:\/\/www.ethique-rlaroche.philo-cvm.ca\/index.php?rest_route=\/wp\/v2\/media\/4395"}],"wp:attachment":[{"href":"http:\/\/www.ethique-rlaroche.philo-cvm.ca\/index.php?rest_route=%2Fwp%2Fv2%2Fmedia&parent=4355"}],"curies":[{"name":"wp","href":"https:\/\/api.w.org\/{rel}","templated":true}]}}