{"id":4331,"date":"2020-09-03T18:51:18","date_gmt":"2020-09-03T18:51:18","guid":{"rendered":"https:\/\/ethique-rlaroche.profweb.ca\/?page_id=4331"},"modified":"2021-02-08T16:19:59","modified_gmt":"2021-02-08T16:19:59","slug":"langoisse-metaphysique-de-la-liberte","status":"publish","type":"page","link":"http:\/\/www.ethique-rlaroche.philo-cvm.ca\/?page_id=4331","title":{"rendered":"L\u2019angoisse m\u00e9taphysique de la libert\u00e9"},"content":{"rendered":"\n<blockquote class=\"wp-block-quote is-layout-flow wp-block-quote-is-layout-flow\"><p>Le p\u00e9ch\u00e9 originel, en chassant l\u2019homme du paradis terrestre, le laisse livr\u00e9 \u00e0 lui-m\u00eame, libre certes, mais en proie \u00e0 l\u2019angoisse devant les choix et les cons\u00e9quences inh\u00e9rents \u00e0 l\u2019exercice m\u00eame de cette libert\u00e9. Or, ce n\u2019est pas seulement d\u2019angoisse m\u00e9taphysique qu\u2019il s\u2019agit ici, car dans une perspective religieuse l\u2019homme tiraill\u00e9 entre le bien et le mal, entre ses bons et mauvais penchants joue par ses choix son \u00e9ternit\u00e9. Lui seul se sauve ou se damne et, si le diable est l\u00e0, constamment pr\u00e9sent, tentateur, s\u00e9ducteur, pour inciter \u00e0 la facilit\u00e9, la vigilance s\u2019impose.<\/p><cite>Colette Arnould<\/cite><\/blockquote>\n\n\n\n<p>Si le concept de \u00abdogme\u00bb ne vous est pas familier. Cherchez la d\u00e9finition de cette notion jouant un r\u00f4le central dans la religion chr\u00e9tienne. <\/p>\n\n\n\n<p>Colette Arnould exprime tr\u00e8s bien, dans l&rsquo;extrait de texte intitul\u00e9 Le Diable, toute la tension affective et sociale qui r\u00e9sulte de ce qu&rsquo;elle nomme l&rsquo;angoisse m\u00e9taphysique de la libert\u00e9. Pour bien saisir cette structure morale reposant sur la responsabilisation de l&rsquo;individu il importe de mettre le dogme \u00abdu p\u00each\u00e9 originel\u00bb et le \u00abdogme de la r\u00e9demption\u00bb en relation avec la libert\u00e9. <\/p>\n\n\n\n<p>Dans la religion chr\u00e9tienne l&rsquo;humain, le g\u00e9n\u00e9rique utilis\u00e9 \u00e9tant l&rsquo;Homme (ceci n&rsquo;est pas sans signification) est libre de commettre le p\u00each\u00e9 donc de choisir le mal. Ce sera le cas d&rsquo;Adam qui acceptera la pomme offerte par \u00c8ve. Toujours les pommes! Et une fois en \u00e9tat de p\u00each\u00e9, comprenez bien qu&rsquo;il demeure libre de d\u00e9sirer sa r\u00e9demption afin de retrouver la b\u00e9atitude \u00e9ternelle, sauver son \u00e2me et revenir \u00e0 la v\u00e9rit\u00e9. <\/p>\n\n\n\n<p>Pr\u00e9sent\u00e9e ainsi il est difficile de ressentir l&rsquo;angoisse qui d\u00e9coule de la tension entre le p\u00each\u00e9 et la r\u00e9demption. Probablement parce que le probl\u00e8me est pos\u00e9 abstraitement, qu&rsquo;il nous manque l&rsquo;ensemble des r\u00e9cits susceptibles de nourrir notre imagination, le contexte du Moyen \u00c2ge au sens fort du terme, d&rsquo;innombrables exp\u00e9riences v\u00e9cues, une mani\u00e8re de penser, des id\u00e9es et des sentiments pour lesquels nous n&rsquo;avons pratiquement aucune r\u00e9f\u00e9rence. Il nous manque entre autre, pour bien comprendre les effets de la morale chr\u00e9tienne, la croyance en la pr\u00e9sence du diable, l&rsquo;effet de la tentation \u00e0 commettre le mal lorsque nous exprimons des d\u00e9sirs.<\/p>\n\n\n\n<p>Tir\u00e9 de l&rsquo;Histoire de l&rsquo;Inquisition au Moyen-\u00c2ge de H.-C. LEA, la litt\u00e9rature aidant, l&rsquo;extrait que vous trouverez en suivant ce lien pourra certainement avoir quelques effets sur votre sensibilit\u00e9 : <a rel=\"noreferrer noopener\" href=\"http:\/\/www.philo-cvm.ca\/?page_id=4432\" target=\"_blank\">Au plus profond de l&rsquo;incurable mis\u00e8re<\/a>&#8230;<\/p>\n\n\n\n<p><strong>Le tableau de J\u00e9r\u00f4me Bosch, m\u00eame s&rsquo;il s&rsquo;agit d&rsquo;une peintre de la Renaissance, intitul\u00e9 la Tentation de Saint-Antoine (1450-1516) vous aide-t-il \u00e0 ressentir l&rsquo;angoisse dont nous parlons?<\/strong><\/p>\n\n\n\n<figure class=\"wp-block-image size-large\"><img loading=\"lazy\" decoding=\"async\" width=\"809\" height=\"1024\" src=\"http:\/\/www.philo-cvm.ca\/wp-content\/uploads\/2020\/09\/After_Jheronimus_Bosch_006_colour-809x1024.jpg\" alt=\"\" class=\"wp-image-4345\" srcset=\"http:\/\/www.ethique-rlaroche.philo-cvm.ca\/wp-content\/uploads\/2020\/09\/After_Jheronimus_Bosch_006_colour-809x1024.jpg 809w, http:\/\/www.ethique-rlaroche.philo-cvm.ca\/wp-content\/uploads\/2020\/09\/After_Jheronimus_Bosch_006_colour-237x300.jpg 237w, http:\/\/www.ethique-rlaroche.philo-cvm.ca\/wp-content\/uploads\/2020\/09\/After_Jheronimus_Bosch_006_colour-768x972.jpg 768w, http:\/\/www.ethique-rlaroche.philo-cvm.ca\/wp-content\/uploads\/2020\/09\/After_Jheronimus_Bosch_006_colour-1214x1536.jpg 1214w, http:\/\/www.ethique-rlaroche.philo-cvm.ca\/wp-content\/uploads\/2020\/09\/After_Jheronimus_Bosch_006_colour-1618x2048.jpg 1618w, http:\/\/www.ethique-rlaroche.philo-cvm.ca\/wp-content\/uploads\/2020\/09\/After_Jheronimus_Bosch_006_colour-scaled.jpg 2023w\" sizes=\"auto, (max-width: 809px) 100vw, 809px\" \/><\/figure>\n\n\n\n<p><\/p>\n\n\n\n<p>Peut-\u00eatre que cet extrait du film de Stanley Kubrick, le c\u00e9l\u00e8bre <em>Shining<\/em>, permettra d&rsquo;approcher ce sentiment d&rsquo;angoisse et ses liens avec la peur. Il ne s&rsquo;agit pas du diable (bien que&#8230;) mais le probl\u00e8me de la responsabilit\u00e9 s&rsquo;y trouve exprim\u00e9 avec ses cons\u00e9quences m\u00e9taphysiques et surtout humaines. <\/p>\n\n\n\n<p><strong>Faites-en l&rsquo;analyse sans perdre de vue notre probl\u00e9matique. <\/strong><\/p>\n\n\n\n<figure class=\"wp-block-embed is-type-video is-provider-youtube wp-block-embed-youtube wp-embed-aspect-4-3 wp-has-aspect-ratio\"><div class=\"wp-block-embed__wrapper\">\n<iframe loading=\"lazy\" title=\"Shining (sc\u00e8ne des escaliers et de la batte)\" width=\"525\" height=\"394\" src=\"https:\/\/www.youtube.com\/embed\/dNmaZZ4acxs?feature=oembed\" frameborder=\"0\" allow=\"accelerometer; autoplay; clipboard-write; encrypted-media; gyroscope; picture-in-picture; web-share\" referrerpolicy=\"strict-origin-when-cross-origin\" allowfullscreen><\/iframe>\n<\/div><\/figure>\n\n\n\n<p>Se pourrait-il que l&rsquo;\u00e9co-anxi\u00e9t\u00e9 puisse relever d&rsquo;une structure morale suffisamment proche de celle du christianisme pour que nous puissions parler d&rsquo;angoisse m\u00e9taphysique de la libert\u00e9? Ne sommes nous pas, chacun et chacune d&rsquo;entre-nous la cause du d\u00e9sastre \u00e9cologique (\u00e9tat de p\u00e8ch\u00e9) chaque fois que nous choisissons (libert\u00e9) de consommer des produits (tentations) qui d\u00e9t\u00e9riorent l&rsquo;environnement? Ne sommes nous pas aussi responsables de sauver la plan\u00e8te (r\u00e9demption) \u00e0 travers chacun de nos gestes afin de retrouver une nature bienveillante (b\u00e9atitude)? <\/p>\n\n\n\n<figure class=\"wp-block-image size-large\"><img loading=\"lazy\" decoding=\"async\" width=\"1000\" height=\"600\" src=\"http:\/\/www.philo-cvm.ca\/wp-content\/uploads\/2020\/09\/banksy-pollution.jpg\" alt=\"\" class=\"wp-image-4350\" srcset=\"http:\/\/www.ethique-rlaroche.philo-cvm.ca\/wp-content\/uploads\/2020\/09\/banksy-pollution.jpg 1000w, http:\/\/www.ethique-rlaroche.philo-cvm.ca\/wp-content\/uploads\/2020\/09\/banksy-pollution-300x180.jpg 300w, http:\/\/www.ethique-rlaroche.philo-cvm.ca\/wp-content\/uploads\/2020\/09\/banksy-pollution-768x461.jpg 768w\" sizes=\"auto, (max-width: 1000px) 100vw, 1000px\" \/><\/figure>\n\n\n\n<p><strong>Quelle est la limite de cette analogie entre la morale chr\u00e9tienne et la crise environnementale? <\/strong><\/p>\n\n\n\n<p>Il importe aussi de voir et r\u00e9fl\u00e9chir \u00e0 l&rsquo;\u00e9volution de la figure du diable comme le montre Colette Arnould de mani\u00e8re \u00e0 poursuivre la r\u00e9flexion en tenant compte des transformations sociales, celles impliquant les mani\u00e8res de penser ainsi que tout ce qui renvoie au domaine des repr\u00e9sentations. La figure de la sorci\u00e8re est indissociable de celle du diable dont l&rsquo;univers symbolique est en constante transformation. <\/p>\n","protected":false},"excerpt":{"rendered":"<p>Le p\u00e9ch\u00e9 originel, en chassant l\u2019homme du paradis terrestre, le laisse livr\u00e9 \u00e0 lui-m\u00eame, libre certes, mais en proie \u00e0 l\u2019angoisse devant les choix et &#8230;<\/p>\n","protected":false},"author":1,"featured_media":4334,"parent":0,"menu_order":0,"comment_status":"open","ping_status":"closed","template":"","meta":{"footnotes":""},"class_list":["post-4331","page","type-page","status-publish","has-post-thumbnail","hentry"],"_links":{"self":[{"href":"http:\/\/www.ethique-rlaroche.philo-cvm.ca\/index.php?rest_route=\/wp\/v2\/pages\/4331","targetHints":{"allow":["GET"]}}],"collection":[{"href":"http:\/\/www.ethique-rlaroche.philo-cvm.ca\/index.php?rest_route=\/wp\/v2\/pages"}],"about":[{"href":"http:\/\/www.ethique-rlaroche.philo-cvm.ca\/index.php?rest_route=\/wp\/v2\/types\/page"}],"author":[{"embeddable":true,"href":"http:\/\/www.ethique-rlaroche.philo-cvm.ca\/index.php?rest_route=\/wp\/v2\/users\/1"}],"replies":[{"embeddable":true,"href":"http:\/\/www.ethique-rlaroche.philo-cvm.ca\/index.php?rest_route=%2Fwp%2Fv2%2Fcomments&post=4331"}],"version-history":[{"count":15,"href":"http:\/\/www.ethique-rlaroche.philo-cvm.ca\/index.php?rest_route=\/wp\/v2\/pages\/4331\/revisions"}],"predecessor-version":[{"id":8868,"href":"http:\/\/www.ethique-rlaroche.philo-cvm.ca\/index.php?rest_route=\/wp\/v2\/pages\/4331\/revisions\/8868"}],"wp:featuredmedia":[{"embeddable":true,"href":"http:\/\/www.ethique-rlaroche.philo-cvm.ca\/index.php?rest_route=\/wp\/v2\/media\/4334"}],"wp:attachment":[{"href":"http:\/\/www.ethique-rlaroche.philo-cvm.ca\/index.php?rest_route=%2Fwp%2Fv2%2Fmedia&parent=4331"}],"curies":[{"name":"wp","href":"https:\/\/api.w.org\/{rel}","templated":true}]}}