{"id":4064,"date":"2020-08-27T13:24:36","date_gmt":"2020-08-27T13:24:36","guid":{"rendered":"https:\/\/ethique-rlaroche.profweb.ca\/?page_id=4064"},"modified":"2024-01-18T15:25:51","modified_gmt":"2024-01-18T15:25:51","slug":"navigation-sur-le-site","status":"publish","type":"page","link":"http:\/\/www.ethique-rlaroche.philo-cvm.ca\/?page_id=4064","title":{"rendered":"Navigation sur le site"},"content":{"rendered":"\n<h4 class=\"wp-block-heading\">Notre site se pr\u00e9sente comme un organe de presse dans lequel chacune et chacun d&rsquo;entre-nous participe \u00e0 la r\u00e9flexion publique \u00e0 titre d&rsquo;enqu\u00eateur ou de citoyen averti. Une exp\u00e9rience philosophique en soi quelque peu utopique. <\/h4>\n\n\n\n<h4 class=\"wp-block-heading\">La page d&rsquo;accueil offre plusieurs entr\u00e9es : <\/h4>\n\n\n\n<p>La \u00abvue d&rsquo;ensemble\u00bb permet de saisir le d\u00e9veloppement du cours, ses objectifs et ses ramifications.<\/p>\n\n\n\n<p>\u00abM\u00e9thode et autres n\u00e9cessit\u00e9s\u00bb pr\u00e9sente le mouvement d&rsquo;enqu\u00eate qui constitue le cours afin que vous compreniez qu&rsquo;il n&rsquo;y a pas de distinction \u00e0 faire entre la r\u00e9daction de vos travaux, l&rsquo;\u00e9tude des textes, nos sujets de r\u00e9flexion et le fait que nous vivons dans l&rsquo;univers social qui est le n\u00f4tre. <\/p>\n\n\n\n<p>La barre du menu permet d&rsquo;avoir acc\u00e8s aux extraits de textes \u00e0 lire, aux probl\u00e9matiques et aux le\u00e7ons \u00e0 suivre semaines apr\u00e8s semaines.<\/p>\n\n\n\n<p>Toujours \u00e0 la une du site, la premi\u00e8re rubrique est en r\u00e9alit\u00e9 un \u00abforum\u00bb de discussion qui, nous l&rsquo;esp\u00e9rons, sera anim\u00e9 pendant la session. Pour chaque bloc th\u00e9matique une image sera mise \u00e0 la une et accompagn\u00e9e d&rsquo;une question qui ne devrait pas nous laisser indiff\u00e9rents. <\/p>\n\n\n\n<p>La rubrique \u00abId\u00e9es et soci\u00e9t\u00e9\u00bb proposera diff\u00e9rentes pistes de r\u00e9flexion issues de travaux \u00e9tudiants ou d&rsquo;autres interventions, nous pourrions y voir le d\u00e9veloppement d&rsquo;un point de vue \u00e9ditorial que vous serez inviter \u00e0 commenter. <\/p>\n\n\n\n<p>Contribution \u00e0 la r\u00e9flexion commune forme la partie tablo\u00efd du site o\u00f9 vous publierez vos travaux d&rsquo;enqu\u00eate afin de vous entraider et favoriser une v\u00e9ritable analyse des cons\u00e9quences publiques des questions que nous nous poserons en cours de session.<\/p>\n\n\n\n<h4 class=\"wp-block-heading\">Le site est extr\u00eamement riche, truff\u00e9 d&rsquo;un nombre incalculables d&rsquo;hyperliens qui nous connectent sur la toile, l&rsquo;actualit\u00e9 ainsi qu&rsquo;une grande diversit\u00e9 de ressources passant de la simple image ou du vid\u00e9oclip au texte d&rsquo;\u00e9rudition.<\/h4>\n\n\n\n<h4 class=\"wp-block-heading\">Prenez soin d&rsquo;en faire r\u00e9guli\u00e8rement l&rsquo;exploration, ce site est un v\u00e9ritable lieu de rencontre, que nous vous invitons \u00e0 utiliser, investir et enrichir.   <\/h4>\n","protected":false},"excerpt":{"rendered":"<p>Notre site se pr\u00e9sente comme un organe de presse dans lequel chacune et chacun d&rsquo;entre-nous participe \u00e0 la r\u00e9flexion publique \u00e0 titre d&rsquo;enqu\u00eateur ou de &#8230;<\/p>\n","protected":false},"author":1,"featured_media":32368,"parent":0,"menu_order":0,"comment_status":"closed","ping_status":"closed","template":"","meta":{"footnotes":""},"class_list":["post-4064","page","type-page","status-publish","has-post-thumbnail","hentry"],"_links":{"self":[{"href":"http:\/\/www.ethique-rlaroche.philo-cvm.ca\/index.php?rest_route=\/wp\/v2\/pages\/4064","targetHints":{"allow":["GET"]}}],"collection":[{"href":"http:\/\/www.ethique-rlaroche.philo-cvm.ca\/index.php?rest_route=\/wp\/v2\/pages"}],"about":[{"href":"http:\/\/www.ethique-rlaroche.philo-cvm.ca\/index.php?rest_route=\/wp\/v2\/types\/page"}],"author":[{"embeddable":true,"href":"http:\/\/www.ethique-rlaroche.philo-cvm.ca\/index.php?rest_route=\/wp\/v2\/users\/1"}],"replies":[{"embeddable":true,"href":"http:\/\/www.ethique-rlaroche.philo-cvm.ca\/index.php?rest_route=%2Fwp%2Fv2%2Fcomments&post=4064"}],"version-history":[{"count":9,"href":"http:\/\/www.ethique-rlaroche.philo-cvm.ca\/index.php?rest_route=\/wp\/v2\/pages\/4064\/revisions"}],"predecessor-version":[{"id":32512,"href":"http:\/\/www.ethique-rlaroche.philo-cvm.ca\/index.php?rest_route=\/wp\/v2\/pages\/4064\/revisions\/32512"}],"wp:featuredmedia":[{"embeddable":true,"href":"http:\/\/www.ethique-rlaroche.philo-cvm.ca\/index.php?rest_route=\/wp\/v2\/media\/32368"}],"wp:attachment":[{"href":"http:\/\/www.ethique-rlaroche.philo-cvm.ca\/index.php?rest_route=%2Fwp%2Fv2%2Fmedia&parent=4064"}],"curies":[{"name":"wp","href":"https:\/\/api.w.org\/{rel}","templated":true}]}}