{"id":3907,"date":"2020-04-21T16:36:34","date_gmt":"2020-04-21T16:36:34","guid":{"rendered":"https:\/\/ethique-rlaroche.profweb.ca\/?page_id=3907"},"modified":"2020-09-24T20:51:41","modified_gmt":"2020-09-24T20:51:41","slug":"gangsta-rap-et-marchandisation","status":"publish","type":"page","link":"http:\/\/www.ethique-rlaroche.philo-cvm.ca\/?page_id=3907","title":{"rendered":"Gangsta Rap et marchandisation"},"content":{"rendered":"\n<h3 class=\"wp-block-heading\">Cinqui\u00e8me le\u00e7on<\/h3>\n\n\n\n<p>Ainsi pour Scott une \u00abtranscription publique\u00bb de pareilles situations d\u00e9crit l\u2019interaction entre domin\u00e9s et dominants en situant le simulacre dans cette m\u00e9prise \u2014 ouvrant \u00e0 la probabilit\u00e9 du caract\u00e8re tactique de cette interaction. Inversement, l\u2019expression cach\u00e9e s\u2019effectue loin d\u2019une observation directe des dominants, derri\u00e8re la sc\u00e8ne pour ainsi dire, et confirme, contredit ou infl\u00e9chit ce qui appara\u00eet dans le discours public. Ainsi pour Scott dans tout rapport de pouvoir la dimension cach\u00e9e\/masqu\u00e9e poss\u00e8de un caract\u00e8re normatif pour le couple domin\u00e9\/dominant.<\/p>\n\n\n\n<p>Remarquez-vous que notre image d&rsquo;ent\u00eate n&rsquo;a plus la m\u00eame signification? Voir les membres d&rsquo;NWA s&rsquo;avancer ainsi illustre parfaitement bien le caract\u00e8re normatif qui s&rsquo;inscrit pour nous aussi dans l&rsquo;espace public mais attention en tant que nous sommes spectateurs. <\/p>\n\n\n\n<p>Ainsi, la question que nous ne pouvons plus \u00e9viter consiste \u00e0 nous demander s&rsquo;il y a h\u00e9g\u00e9monie du pouvoir que repr\u00e9sente la marchandisation ou si le Hip Hop demeure le lieu et l&rsquo;occasion de r\u00e9sister par l&rsquo;art \u00e0 ce qui fait l&rsquo;objet de nos enqu\u00eates.<\/p>\n\n\n\n<p>Pensez \u00e0 la question f\u00e9ministe.<\/p>\n\n\n\n<p>Aux effets de la rationalisation capitaliste.<\/p>\n\n\n\n<p>Pensez suivant l&rsquo;\u00e9mergence de la soci\u00e9t\u00e9 moderne. <\/p>\n\n\n\n<p>Le probl\u00e8me de la repr\u00e9sentation. <\/p>\n\n\n\n<p>La soci\u00e9t\u00e9 de droit.<\/p>\n\n\n\n<p>L&rsquo;autorit\u00e9, le pouvoir, la popularit\u00e9.<\/p>\n\n\n\n<p>Nous vous invitons \u00e0 consulter la carte mentale du Hip Hop que nous vous avons pr\u00e9par\u00e9e afin de nourrir et documenter votre seconde r\u00e9daction: <a rel=\"noreferrer noopener\" href=\"http:\/\/www.philo-cvm.ca\/wp-content\/uploads\/2019\/09\/Carte-mentale-Hip-Hop.pdf\" target=\"_blank\">De la Zulu Nation au Gangsta Rap en passant par Missy Elliot<\/a>. L&rsquo;ensemble des hyperliens qui s&rsquo;y trouvent vous permettront de retracer le chemin des le\u00e7ons. <\/p>\n\n\n\n<p>***<\/p>\n\n\n\n<p><strong>Quels liens faites-vous avec l&rsquo;actualit\u00e9 politique? <\/strong><\/p>\n","protected":false},"excerpt":{"rendered":"<p>Cinqui\u00e8me le\u00e7on Ainsi pour Scott une \u00abtranscription publique\u00bb de pareilles situations d\u00e9crit l\u2019interaction entre domin\u00e9s et dominants en situant le simulacre dans cette m\u00e9prise \u2014 &#8230;<\/p>\n","protected":false},"author":1,"featured_media":3789,"parent":0,"menu_order":0,"comment_status":"open","ping_status":"closed","template":"","meta":{"footnotes":""},"class_list":["post-3907","page","type-page","status-publish","has-post-thumbnail","hentry"],"_links":{"self":[{"href":"http:\/\/www.ethique-rlaroche.philo-cvm.ca\/index.php?rest_route=\/wp\/v2\/pages\/3907","targetHints":{"allow":["GET"]}}],"collection":[{"href":"http:\/\/www.ethique-rlaroche.philo-cvm.ca\/index.php?rest_route=\/wp\/v2\/pages"}],"about":[{"href":"http:\/\/www.ethique-rlaroche.philo-cvm.ca\/index.php?rest_route=\/wp\/v2\/types\/page"}],"author":[{"embeddable":true,"href":"http:\/\/www.ethique-rlaroche.philo-cvm.ca\/index.php?rest_route=\/wp\/v2\/users\/1"}],"replies":[{"embeddable":true,"href":"http:\/\/www.ethique-rlaroche.philo-cvm.ca\/index.php?rest_route=%2Fwp%2Fv2%2Fcomments&post=3907"}],"version-history":[{"count":10,"href":"http:\/\/www.ethique-rlaroche.philo-cvm.ca\/index.php?rest_route=\/wp\/v2\/pages\/3907\/revisions"}],"predecessor-version":[{"id":5051,"href":"http:\/\/www.ethique-rlaroche.philo-cvm.ca\/index.php?rest_route=\/wp\/v2\/pages\/3907\/revisions\/5051"}],"wp:featuredmedia":[{"embeddable":true,"href":"http:\/\/www.ethique-rlaroche.philo-cvm.ca\/index.php?rest_route=\/wp\/v2\/media\/3789"}],"wp:attachment":[{"href":"http:\/\/www.ethique-rlaroche.philo-cvm.ca\/index.php?rest_route=%2Fwp%2Fv2%2Fmedia&parent=3907"}],"curies":[{"name":"wp","href":"https:\/\/api.w.org\/{rel}","templated":true}]}}