{"id":3259,"date":"2020-04-04T18:01:34","date_gmt":"2020-04-04T18:01:34","guid":{"rendered":"https:\/\/ethique-rlaroche.profweb.ca\/?page_id=3259"},"modified":"2020-09-25T22:42:12","modified_gmt":"2020-09-25T22:42:12","slug":"mauvais-chiffres","status":"publish","type":"page","link":"http:\/\/www.ethique-rlaroche.philo-cvm.ca\/?page_id=3259","title":{"rendered":"Mauvais chiffres"},"content":{"rendered":"\n<h3 class=\"wp-block-heading\">Le\u00e7on 3<\/h3>\n\n\n\n<p>La section du texte de Jeff Chang intitul\u00e9e \u00abMauvais chiffres\u00bb nous am\u00e8ne \u00e0 r\u00e9fl\u00e9chir la question de l&rsquo;injustice afin de mettre en lumi\u00e8re la forme de r\u00e9sistance politique que repr\u00e9sente l&rsquo;invention du Hip Hop et plus g\u00e9n\u00e9ralement le recours \u00e0 l&rsquo;art pour transformer la soci\u00e9t\u00e9. <\/p>\n\n\n\n<p>Souvenez-vous de la tension s&rsquo;exprimant \u00e0 travers la mise en opposition du lib\u00e9ralisme et du communautarisme. Ainsi que les critiques que chacune de ces conceptions politiques s&rsquo;adressent. D&rsquo;un c\u00f4t\u00e9 nous avons l<a href=\"https:\/\/www.lapresse.ca\/affaires\/202004\/06\/01-5268307-sauver-des-vies-mais-a-quel-cout-.php\">&lsquo;individu qui doit se conformer \u00e0 des id\u00e9es abstraites et communes<\/a> tout en cherchant le sens de sa vie en priv\u00e9. De l&rsquo;autre cette importance accord\u00e9e <a href=\"https:\/\/www.ledevoir.com\/opinion\/idees\/576563\/le-prix-a-payer\">aux liens sociaux et \u00e0 la valorisation des diff\u00e9rences<\/a>. (En situation de pand\u00e9mie, on ne peut que mieux r\u00e9fl\u00e9chir cette opposition.) <\/p>\n\n\n\n<p>Lorsque la soci\u00e9t\u00e9 de droit engendre des injustices, comment fait-on pour recoudre le tissu social? Cette question est incontournable, ou bien nous fermons les yeux ou bien nous les ouvrons. <\/p>\n\n\n\n<p>Un excellent moyen pour lancer votre r\u00e9flexion \u00e0 ce sujet consiste \u00e0 \u00e9couter, analyser et pourquoi pas m\u00e9diter l&rsquo;une des premi\u00e8res chanson issue du rap engag\u00e9 : <a rel=\"noreferrer noopener\" href=\"https:\/\/www.youtube.com\/watch?v=VV-62yj--vc\" target=\"_blank\">Grandmaster Flash The message<\/a>. Vous pouvez aussi \u00e9couter la version vid\u00e9o : Grandmaster Flash &amp; The Furious Five &#8211; The Message <\/p>\n\n\n\n<figure class=\"wp-block-embed-youtube wp-block-embed is-type-video is-provider-youtube wp-embed-aspect-16-9 wp-has-aspect-ratio\"><div class=\"wp-block-embed__wrapper\">\n<iframe loading=\"lazy\" title=\"Grandmaster Flash &amp; The Furious Five - The Message (Official Video)\" width=\"525\" height=\"295\" src=\"https:\/\/www.youtube.com\/embed\/gYMkEMCHtJ4?feature=oembed\" frameborder=\"0\" allow=\"accelerometer; autoplay; clipboard-write; encrypted-media; gyroscope; picture-in-picture; web-share\" referrerpolicy=\"strict-origin-when-cross-origin\" allowfullscreen><\/iframe>\n<\/div><\/figure>\n\n\n\n<p>Connaissez-vous Tanya \u00ab\u00a0Sweet Tee\u00a0\u00bb Winley? Une des premi\u00e8res rappeuses de l&rsquo;histoire, elle fera du rap engag\u00e9 ou conscient avant Grandmaster Flash, difficile d&rsquo;\u00eatre insensible \u00e0 cette chanson et \u00e0 cette voix au sens fort du terme!<\/p>\n\n\n\n<figure class=\"wp-block-embed-youtube wp-block-embed is-type-video is-provider-youtube wp-embed-aspect-16-9 wp-has-aspect-ratio\"><div class=\"wp-block-embed__wrapper\">\n<iframe loading=\"lazy\" title=\"Tanya Winley - Vicious Rap\" width=\"525\" height=\"295\" src=\"https:\/\/www.youtube.com\/embed\/w5hl1xaWQRQ?feature=oembed\" frameborder=\"0\" allow=\"accelerometer; autoplay; clipboard-write; encrypted-media; gyroscope; picture-in-picture; web-share\" referrerpolicy=\"strict-origin-when-cross-origin\" allowfullscreen><\/iframe>\n<\/div><\/figure>\n\n\n\n<p>Mettez vos \u00e9couteurs et demandez vous: <\/p>\n\n\n\n<p>Qu&rsquo;est ce qu&rsquo;il y a dans l&rsquo;art qui permet de sublimer le malheur et la souffrance engendr\u00e9s par les in\u00e9galit\u00e9s, le racisme et le m\u00e9pris?<\/p>\n\n\n\n<p><\/p>\n","protected":false},"excerpt":{"rendered":"<p>Le\u00e7on 3 La section du texte de Jeff Chang intitul\u00e9e \u00abMauvais chiffres\u00bb nous am\u00e8ne \u00e0 r\u00e9fl\u00e9chir la question de l&rsquo;injustice afin de mettre en lumi\u00e8re &#8230;<\/p>\n","protected":false},"author":1,"featured_media":5017,"parent":0,"menu_order":0,"comment_status":"open","ping_status":"closed","template":"","meta":{"footnotes":""},"class_list":["post-3259","page","type-page","status-publish","has-post-thumbnail","hentry"],"_links":{"self":[{"href":"http:\/\/www.ethique-rlaroche.philo-cvm.ca\/index.php?rest_route=\/wp\/v2\/pages\/3259","targetHints":{"allow":["GET"]}}],"collection":[{"href":"http:\/\/www.ethique-rlaroche.philo-cvm.ca\/index.php?rest_route=\/wp\/v2\/pages"}],"about":[{"href":"http:\/\/www.ethique-rlaroche.philo-cvm.ca\/index.php?rest_route=\/wp\/v2\/types\/page"}],"author":[{"embeddable":true,"href":"http:\/\/www.ethique-rlaroche.philo-cvm.ca\/index.php?rest_route=\/wp\/v2\/users\/1"}],"replies":[{"embeddable":true,"href":"http:\/\/www.ethique-rlaroche.philo-cvm.ca\/index.php?rest_route=%2Fwp%2Fv2%2Fcomments&post=3259"}],"version-history":[{"count":13,"href":"http:\/\/www.ethique-rlaroche.philo-cvm.ca\/index.php?rest_route=\/wp\/v2\/pages\/3259\/revisions"}],"predecessor-version":[{"id":5110,"href":"http:\/\/www.ethique-rlaroche.philo-cvm.ca\/index.php?rest_route=\/wp\/v2\/pages\/3259\/revisions\/5110"}],"wp:featuredmedia":[{"embeddable":true,"href":"http:\/\/www.ethique-rlaroche.philo-cvm.ca\/index.php?rest_route=\/wp\/v2\/media\/5017"}],"wp:attachment":[{"href":"http:\/\/www.ethique-rlaroche.philo-cvm.ca\/index.php?rest_route=%2Fwp%2Fv2%2Fmedia&parent=3259"}],"curies":[{"name":"wp","href":"https:\/\/api.w.org\/{rel}","templated":true}]}}