{"id":30748,"date":"2023-11-04T14:10:41","date_gmt":"2023-11-04T14:10:41","guid":{"rendered":"https:\/\/ethique-rlaroche.profweb.ca\/?page_id=30748"},"modified":"2023-11-08T19:23:43","modified_gmt":"2023-11-08T19:23:43","slug":"que-ferons-nous-la-semaine-prochaine","status":"publish","type":"page","link":"http:\/\/www.ethique-rlaroche.philo-cvm.ca\/?page_id=30748","title":{"rendered":"Que ferons-nous la semaine prochaine ?"},"content":{"rendered":"\n<h4 class=\"wp-block-heading\">Voici ce que nous avons con\u00e7u et pr\u00e9par\u00e9 en commun : <\/h4>\n","protected":false},"excerpt":{"rendered":"<p>Voici ce que nous avons con\u00e7u et pr\u00e9par\u00e9 en commun :<\/p>\n","protected":false},"author":1,"featured_media":30756,"parent":0,"menu_order":0,"comment_status":"open","ping_status":"closed","template":"","meta":{"footnotes":""},"class_list":["post-30748","page","type-page","status-publish","has-post-thumbnail","hentry"],"_links":{"self":[{"href":"http:\/\/www.ethique-rlaroche.philo-cvm.ca\/index.php?rest_route=\/wp\/v2\/pages\/30748","targetHints":{"allow":["GET"]}}],"collection":[{"href":"http:\/\/www.ethique-rlaroche.philo-cvm.ca\/index.php?rest_route=\/wp\/v2\/pages"}],"about":[{"href":"http:\/\/www.ethique-rlaroche.philo-cvm.ca\/index.php?rest_route=\/wp\/v2\/types\/page"}],"author":[{"embeddable":true,"href":"http:\/\/www.ethique-rlaroche.philo-cvm.ca\/index.php?rest_route=\/wp\/v2\/users\/1"}],"replies":[{"embeddable":true,"href":"http:\/\/www.ethique-rlaroche.philo-cvm.ca\/index.php?rest_route=%2Fwp%2Fv2%2Fcomments&post=30748"}],"version-history":[{"count":5,"href":"http:\/\/www.ethique-rlaroche.philo-cvm.ca\/index.php?rest_route=\/wp\/v2\/pages\/30748\/revisions"}],"predecessor-version":[{"id":31324,"href":"http:\/\/www.ethique-rlaroche.philo-cvm.ca\/index.php?rest_route=\/wp\/v2\/pages\/30748\/revisions\/31324"}],"wp:featuredmedia":[{"embeddable":true,"href":"http:\/\/www.ethique-rlaroche.philo-cvm.ca\/index.php?rest_route=\/wp\/v2\/media\/30756"}],"wp:attachment":[{"href":"http:\/\/www.ethique-rlaroche.philo-cvm.ca\/index.php?rest_route=%2Fwp%2Fv2%2Fmedia&parent=30748"}],"curies":[{"name":"wp","href":"https:\/\/api.w.org\/{rel}","templated":true}]}}