{"id":30721,"date":"2023-11-04T13:26:30","date_gmt":"2023-11-04T13:26:30","guid":{"rendered":"https:\/\/ethique-rlaroche.profweb.ca\/?page_id=30721"},"modified":"2023-11-06T15:26:29","modified_gmt":"2023-11-06T15:26:29","slug":"que-connaissons-nous-au-sujet-des-communautes-autochtones-vivant-sur-le-territoire-du-quebec","status":"publish","type":"page","link":"http:\/\/www.ethique-rlaroche.philo-cvm.ca\/?page_id=30721","title":{"rendered":"Que connaissons-nous au sujet des communaut\u00e9s autochtones vivant sur le territoire du Qu\u00e9bec ?"},"content":{"rendered":"\n<ul class=\"wp-block-list\">\n<li style=\"font-size:20px\">Avons-nous dit territoire ? <\/li>\n<\/ul>\n\n\n\n<p><\/p>\n\n\n\n<ul class=\"wp-block-list\">\n<li style=\"font-size:20px\">Le pouvoir des mots: Tio&rsquo;tia:ke ou \u00ab\u00a0Montr\u00e9al\u00a0\u00bb<\/li>\n<\/ul>\n\n\n\n<p><\/p>\n\n\n\n<ul class=\"wp-block-list\">\n<li style=\"font-size:20px\">L&rsquo;histoire de de cet endroit aux multiples appellations est-elle la m\u00eame ?<\/li>\n<\/ul>\n\n\n\n<p><\/p>\n\n\n\n<ul class=\"wp-block-list\">\n<li style=\"font-size:20px\">Venons-nous d&#8217;employer le verbe conna\u00eetre ?<\/li>\n<\/ul>\n\n\n\n<p><\/p>\n\n\n\n<ul class=\"wp-block-list\">\n<li style=\"font-size:20px\">N&rsquo;y aurait-il pas une r\u00e9flexion \u00e0 faire au sujet des concepts que nous utilisons de mani\u00e8re spontan\u00e9e ? <\/li>\n<\/ul>\n\n\n\n<p><\/p>\n\n\n\n<p><\/p>\n\n\n\n<p><\/p>\n\n\n\n<p><\/p>\n","protected":false},"excerpt":{"rendered":"","protected":false},"author":1,"featured_media":30724,"parent":0,"menu_order":0,"comment_status":"open","ping_status":"closed","template":"","meta":{"footnotes":""},"class_list":["post-30721","page","type-page","status-publish","has-post-thumbnail","hentry"],"_links":{"self":[{"href":"http:\/\/www.ethique-rlaroche.philo-cvm.ca\/index.php?rest_route=\/wp\/v2\/pages\/30721","targetHints":{"allow":["GET"]}}],"collection":[{"href":"http:\/\/www.ethique-rlaroche.philo-cvm.ca\/index.php?rest_route=\/wp\/v2\/pages"}],"about":[{"href":"http:\/\/www.ethique-rlaroche.philo-cvm.ca\/index.php?rest_route=\/wp\/v2\/types\/page"}],"author":[{"embeddable":true,"href":"http:\/\/www.ethique-rlaroche.philo-cvm.ca\/index.php?rest_route=\/wp\/v2\/users\/1"}],"replies":[{"embeddable":true,"href":"http:\/\/www.ethique-rlaroche.philo-cvm.ca\/index.php?rest_route=%2Fwp%2Fv2%2Fcomments&post=30721"}],"version-history":[{"count":7,"href":"http:\/\/www.ethique-rlaroche.philo-cvm.ca\/index.php?rest_route=\/wp\/v2\/pages\/30721\/revisions"}],"predecessor-version":[{"id":30897,"href":"http:\/\/www.ethique-rlaroche.philo-cvm.ca\/index.php?rest_route=\/wp\/v2\/pages\/30721\/revisions\/30897"}],"wp:featuredmedia":[{"embeddable":true,"href":"http:\/\/www.ethique-rlaroche.philo-cvm.ca\/index.php?rest_route=\/wp\/v2\/media\/30724"}],"wp:attachment":[{"href":"http:\/\/www.ethique-rlaroche.philo-cvm.ca\/index.php?rest_route=%2Fwp%2Fv2%2Fmedia&parent=30721"}],"curies":[{"name":"wp","href":"https:\/\/api.w.org\/{rel}","templated":true}]}}