{"id":17190,"date":"2021-11-21T13:43:20","date_gmt":"2021-11-21T13:43:20","guid":{"rendered":"https:\/\/ethique-rlaroche.profweb.ca\/?page_id=17190"},"modified":"2021-11-21T13:59:02","modified_gmt":"2021-11-21T13:59:02","slug":"an-antane-kapesh-quas-tu-fait-de-mon-pays2","status":"publish","type":"page","link":"http:\/\/www.ethique-rlaroche.philo-cvm.ca\/?page_id=17190","title":{"rendered":"An Antane Kapesh, Qu&rsquo;as-tu fait de mon pays?2"},"content":{"rendered":"\n<p>Il y a tr\u00e8s longtemps de cela, il y avait un vieux dans la for\u00eat. Il avait la peau tr\u00e8s fonc\u00e9e. Il \u00e9levait son petit-fils qui lui aussi avait la peau fonc\u00e9e.<\/p>\n\n\n\n<div class=\"wp-block-buttons is-layout-flex wp-block-buttons-is-layout-flex\">\n<div class=\"wp-block-button\"><a class=\"wp-block-button__link\" href=\"http:\/\/www.philo-cvm.ca\/?page_id=17196\">Sentier<\/a><\/div>\n<\/div>\n","protected":false},"excerpt":{"rendered":"<p>Il y a tr\u00e8s longtemps de cela, il y avait un vieux dans la for\u00eat. Il avait la peau tr\u00e8s fonc\u00e9e. Il \u00e9levait son petit-fils &#8230;<\/p>\n","protected":false},"author":1,"featured_media":17193,"parent":0,"menu_order":0,"comment_status":"closed","ping_status":"closed","template":"","meta":{"footnotes":""},"class_list":["post-17190","page","type-page","status-publish","has-post-thumbnail","hentry"],"_links":{"self":[{"href":"http:\/\/www.ethique-rlaroche.philo-cvm.ca\/index.php?rest_route=\/wp\/v2\/pages\/17190","targetHints":{"allow":["GET"]}}],"collection":[{"href":"http:\/\/www.ethique-rlaroche.philo-cvm.ca\/index.php?rest_route=\/wp\/v2\/pages"}],"about":[{"href":"http:\/\/www.ethique-rlaroche.philo-cvm.ca\/index.php?rest_route=\/wp\/v2\/types\/page"}],"author":[{"embeddable":true,"href":"http:\/\/www.ethique-rlaroche.philo-cvm.ca\/index.php?rest_route=\/wp\/v2\/users\/1"}],"replies":[{"embeddable":true,"href":"http:\/\/www.ethique-rlaroche.philo-cvm.ca\/index.php?rest_route=%2Fwp%2Fv2%2Fcomments&post=17190"}],"version-history":[{"count":3,"href":"http:\/\/www.ethique-rlaroche.philo-cvm.ca\/index.php?rest_route=\/wp\/v2\/pages\/17190\/revisions"}],"predecessor-version":[{"id":17201,"href":"http:\/\/www.ethique-rlaroche.philo-cvm.ca\/index.php?rest_route=\/wp\/v2\/pages\/17190\/revisions\/17201"}],"wp:featuredmedia":[{"embeddable":true,"href":"http:\/\/www.ethique-rlaroche.philo-cvm.ca\/index.php?rest_route=\/wp\/v2\/media\/17193"}],"wp:attachment":[{"href":"http:\/\/www.ethique-rlaroche.philo-cvm.ca\/index.php?rest_route=%2Fwp%2Fv2%2Fmedia&parent=17190"}],"curies":[{"name":"wp","href":"https:\/\/api.w.org\/{rel}","templated":true}]}}