{"id":1378,"date":"2020-01-18T00:13:07","date_gmt":"2020-01-18T00:13:07","guid":{"rendered":"https:\/\/ethique-rlaroche.profweb.ca\/?page_id=1378"},"modified":"2021-01-11T15:54:10","modified_gmt":"2021-01-11T15:54:10","slug":"ouverture","status":"publish","type":"page","link":"http:\/\/www.ethique-rlaroche.philo-cvm.ca\/?page_id=1378","title":{"rendered":"Ouverture"},"content":{"rendered":"\n<p>L&rsquo;ouverture c&rsquo;est quoi sinon cette id\u00e9e que nous n&rsquo;arr\u00eaterons pas de penser lorsque nous cherchons \u00e0 am\u00e9liorer le d\u00e9veloppement de l&rsquo;individu ainsi que la structure de l&rsquo;association humaine. <\/p>\n\n\n\n<p>Un texte est comme un cours d&rsquo;eau. <\/p>\n","protected":false},"excerpt":{"rendered":"<p>L&rsquo;ouverture c&rsquo;est quoi sinon cette id\u00e9e que nous n&rsquo;arr\u00eaterons pas de penser lorsque nous cherchons \u00e0 am\u00e9liorer le d\u00e9veloppement de l&rsquo;individu ainsi que la structure &#8230;<\/p>\n","protected":false},"author":1,"featured_media":1379,"parent":0,"menu_order":0,"comment_status":"closed","ping_status":"closed","template":"","meta":{"footnotes":""},"class_list":["post-1378","page","type-page","status-publish","has-post-thumbnail","hentry"],"_links":{"self":[{"href":"http:\/\/www.ethique-rlaroche.philo-cvm.ca\/index.php?rest_route=\/wp\/v2\/pages\/1378","targetHints":{"allow":["GET"]}}],"collection":[{"href":"http:\/\/www.ethique-rlaroche.philo-cvm.ca\/index.php?rest_route=\/wp\/v2\/pages"}],"about":[{"href":"http:\/\/www.ethique-rlaroche.philo-cvm.ca\/index.php?rest_route=\/wp\/v2\/types\/page"}],"author":[{"embeddable":true,"href":"http:\/\/www.ethique-rlaroche.philo-cvm.ca\/index.php?rest_route=\/wp\/v2\/users\/1"}],"replies":[{"embeddable":true,"href":"http:\/\/www.ethique-rlaroche.philo-cvm.ca\/index.php?rest_route=%2Fwp%2Fv2%2Fcomments&post=1378"}],"version-history":[{"count":3,"href":"http:\/\/www.ethique-rlaroche.philo-cvm.ca\/index.php?rest_route=\/wp\/v2\/pages\/1378\/revisions"}],"predecessor-version":[{"id":7605,"href":"http:\/\/www.ethique-rlaroche.philo-cvm.ca\/index.php?rest_route=\/wp\/v2\/pages\/1378\/revisions\/7605"}],"wp:featuredmedia":[{"embeddable":true,"href":"http:\/\/www.ethique-rlaroche.philo-cvm.ca\/index.php?rest_route=\/wp\/v2\/media\/1379"}],"wp:attachment":[{"href":"http:\/\/www.ethique-rlaroche.philo-cvm.ca\/index.php?rest_route=%2Fwp%2Fv2%2Fmedia&parent=1378"}],"curies":[{"name":"wp","href":"https:\/\/api.w.org\/{rel}","templated":true}]}}