{"id":1351,"date":"2020-01-17T22:53:59","date_gmt":"2020-01-17T22:53:59","guid":{"rendered":"https:\/\/ethique-rlaroche.profweb.ca\/?page_id=1351"},"modified":"2020-01-17T22:57:38","modified_gmt":"2020-01-17T22:57:38","slug":"ah-cette-fameuse-objectivite","status":"publish","type":"page","link":"http:\/\/www.ethique-rlaroche.philo-cvm.ca\/?page_id=1351","title":{"rendered":"Ah cette fameuse objectivit\u00e9 !"},"content":{"rendered":"\n<p>Il importe de comprendre que la subjectivit\u00e9 et l&rsquo;objectivit\u00e9 ne repr\u00e9sentent pas des camps qu&rsquo;il nous faut choisir car l&rsquo;un et l&rsquo;autre de ces points de vue sur la r\u00e9alit\u00e9 ont leur valeur.  Penser consiste \u00e0 apprendre \u00e0 passer d&rsquo;un point de vue objectif \u00e0 un point de vue subjectif ou l&rsquo;inverse sans confusion.<\/p>\n\n\n\n<p>Nous pourrions dire la m\u00eame chose au sujet du rapport entre la raison et l&rsquo;imagination, le corps et l&rsquo;esprit, l&rsquo;individu et le social etc. <\/p>\n","protected":false},"excerpt":{"rendered":"<p>Il importe de comprendre que la subjectivit\u00e9 et l&rsquo;objectivit\u00e9 ne repr\u00e9sentent pas des camps qu&rsquo;il nous faut choisir car l&rsquo;un et l&rsquo;autre de ces points &#8230;<\/p>\n","protected":false},"author":1,"featured_media":1158,"parent":0,"menu_order":0,"comment_status":"closed","ping_status":"closed","template":"","meta":{"footnotes":""},"class_list":["post-1351","page","type-page","status-publish","has-post-thumbnail","hentry"],"_links":{"self":[{"href":"http:\/\/www.ethique-rlaroche.philo-cvm.ca\/index.php?rest_route=\/wp\/v2\/pages\/1351","targetHints":{"allow":["GET"]}}],"collection":[{"href":"http:\/\/www.ethique-rlaroche.philo-cvm.ca\/index.php?rest_route=\/wp\/v2\/pages"}],"about":[{"href":"http:\/\/www.ethique-rlaroche.philo-cvm.ca\/index.php?rest_route=\/wp\/v2\/types\/page"}],"author":[{"embeddable":true,"href":"http:\/\/www.ethique-rlaroche.philo-cvm.ca\/index.php?rest_route=\/wp\/v2\/users\/1"}],"replies":[{"embeddable":true,"href":"http:\/\/www.ethique-rlaroche.philo-cvm.ca\/index.php?rest_route=%2Fwp%2Fv2%2Fcomments&post=1351"}],"version-history":[{"count":2,"href":"http:\/\/www.ethique-rlaroche.philo-cvm.ca\/index.php?rest_route=\/wp\/v2\/pages\/1351\/revisions"}],"predecessor-version":[{"id":1354,"href":"http:\/\/www.ethique-rlaroche.philo-cvm.ca\/index.php?rest_route=\/wp\/v2\/pages\/1351\/revisions\/1354"}],"wp:featuredmedia":[{"embeddable":true,"href":"http:\/\/www.ethique-rlaroche.philo-cvm.ca\/index.php?rest_route=\/wp\/v2\/media\/1158"}],"wp:attachment":[{"href":"http:\/\/www.ethique-rlaroche.philo-cvm.ca\/index.php?rest_route=%2Fwp%2Fv2%2Fmedia&parent=1351"}],"curies":[{"name":"wp","href":"https:\/\/api.w.org\/{rel}","templated":true}]}}