{"id":1249,"date":"2020-01-13T20:39:42","date_gmt":"2020-01-13T20:39:42","guid":{"rendered":"https:\/\/ethique-rlaroche.profweb.ca\/?page_id=1249"},"modified":"2021-01-11T15:53:01","modified_gmt":"2021-01-11T15:53:01","slug":"la-question","status":"publish","type":"page","link":"http:\/\/www.ethique-rlaroche.philo-cvm.ca\/?page_id=1249","title":{"rendered":"La question"},"content":{"rendered":"\n<p>Cette question guide l&rsquo;ensemble de nos r\u00e9flexions, discussions et analyses. Elle est au c\u0153ur de l&rsquo;enqu\u00eate.  Directement inspir\u00e9e par la philosophie pragmatiste de Dewey, elle nous invite \u00e0 comprendre que les id\u00e9aux et les principes d&rsquo;une soci\u00e9t\u00e9 peuvent et doivent, d&rsquo;un point de vue \u00e9thique et politique, \u00eatre pens\u00e9s, discut\u00e9s et critiqu\u00e9s si nous voulons transformer le monde dans lequel nous vivons.<\/p>\n\n\n\n<p>La dimension utopique de cette question permet de nous orienter afin d&rsquo;agir sur l&rsquo;imaginaire que nous partageons. <\/p>\n","protected":false},"excerpt":{"rendered":"<p>Cette question guide l&rsquo;ensemble de nos r\u00e9flexions, discussions et analyses. Elle est au c\u0153ur de l&rsquo;enqu\u00eate. Directement inspir\u00e9e par la philosophie pragmatiste de Dewey, elle &#8230;<\/p>\n","protected":false},"author":1,"featured_media":1143,"parent":0,"menu_order":0,"comment_status":"closed","ping_status":"closed","template":"","meta":{"footnotes":""},"class_list":["post-1249","page","type-page","status-publish","has-post-thumbnail","hentry"],"_links":{"self":[{"href":"http:\/\/www.ethique-rlaroche.philo-cvm.ca\/index.php?rest_route=\/wp\/v2\/pages\/1249","targetHints":{"allow":["GET"]}}],"collection":[{"href":"http:\/\/www.ethique-rlaroche.philo-cvm.ca\/index.php?rest_route=\/wp\/v2\/pages"}],"about":[{"href":"http:\/\/www.ethique-rlaroche.philo-cvm.ca\/index.php?rest_route=\/wp\/v2\/types\/page"}],"author":[{"embeddable":true,"href":"http:\/\/www.ethique-rlaroche.philo-cvm.ca\/index.php?rest_route=\/wp\/v2\/users\/1"}],"replies":[{"embeddable":true,"href":"http:\/\/www.ethique-rlaroche.philo-cvm.ca\/index.php?rest_route=%2Fwp%2Fv2%2Fcomments&post=1249"}],"version-history":[{"count":5,"href":"http:\/\/www.ethique-rlaroche.philo-cvm.ca\/index.php?rest_route=\/wp\/v2\/pages\/1249\/revisions"}],"predecessor-version":[{"id":7604,"href":"http:\/\/www.ethique-rlaroche.philo-cvm.ca\/index.php?rest_route=\/wp\/v2\/pages\/1249\/revisions\/7604"}],"wp:featuredmedia":[{"embeddable":true,"href":"http:\/\/www.ethique-rlaroche.philo-cvm.ca\/index.php?rest_route=\/wp\/v2\/media\/1143"}],"wp:attachment":[{"href":"http:\/\/www.ethique-rlaroche.philo-cvm.ca\/index.php?rest_route=%2Fwp%2Fv2%2Fmedia&parent=1249"}],"curies":[{"name":"wp","href":"https:\/\/api.w.org\/{rel}","templated":true}]}}