{"id":1211,"date":"2020-01-10T17:29:56","date_gmt":"2020-01-10T17:29:56","guid":{"rendered":"https:\/\/ethique-rlaroche.profweb.ca\/?page_id=1211"},"modified":"2022-09-07T13:36:24","modified_gmt":"2022-09-07T13:36:24","slug":"interet-public","status":"publish","type":"page","link":"http:\/\/www.ethique-rlaroche.philo-cvm.ca\/?page_id=1211","title":{"rendered":"Les cons\u00e9quences"},"content":{"rendered":"\n<p>Devrions-nous, en tant qu&rsquo;individus constituant la soci\u00e9t\u00e9 nous int\u00e9resser \u00e0 votre probl\u00e9matique? Si oui &#8230; Pourquoi?  &nbsp;<\/p>\n\n\n\n<blockquote class=\"wp-block-quote is-layout-flow wp-block-quote-is-layout-flow\"><p><a href=\"http:\/\/www.philo-cvm.ca\/?page_id=673\" target=\"_blank\" rel=\"noreferrer noopener\" aria-label=\"\u00abLe public, \u00e9crit Dewey, consiste en l\u2019ensemble de tous ceux qui sont tellement affect\u00e9s par les cons\u00e9quences indirectes de transactions qu\u2019il est jug\u00e9 n\u00e9cessaire de veiller syst\u00e9matiquement \u00e0 ces cons\u00e9quences.\u00bb  (s\u2019ouvre dans un nouvel onglet)\">\u00abLe public, \u00e9crit Dewey, consiste en l\u2019ensemble de tous ceux qui sont tellement affect\u00e9s par les cons\u00e9quences indirectes de transactions qu\u2019il est jug\u00e9 n\u00e9cessaire de veiller syst\u00e9matiquement \u00e0 ces cons\u00e9quences.\u00bb <\/a><\/p><\/blockquote>\n\n\n\n<p>Devrions nous, en tant que personnes veillant aux cons\u00e9quences de certaines transactions, nous constituer et nous reconna\u00eetre en tant que public? Une question qui ne peut laisser indiff\u00e9rent. Mais surtout le principal objectif du cours. <\/p>\n\n\n\n<p>Objectif du cours mais aussi r\u00e9ponse \u00e0 la probl\u00e9matique pr\u00e9sent\u00e9e dans votre introduction. <\/p>\n","protected":false},"excerpt":{"rendered":"<p>Devrions-nous, en tant qu&rsquo;individus constituant la soci\u00e9t\u00e9 nous int\u00e9resser \u00e0 votre probl\u00e9matique? Si oui &#8230; Pourquoi? &nbsp; \u00abLe public, \u00e9crit Dewey, consiste en l\u2019ensemble de &#8230;<\/p>\n","protected":false},"author":1,"featured_media":1151,"parent":0,"menu_order":0,"comment_status":"closed","ping_status":"closed","template":"","meta":{"footnotes":""},"class_list":["post-1211","page","type-page","status-publish","has-post-thumbnail","hentry"],"_links":{"self":[{"href":"http:\/\/www.ethique-rlaroche.philo-cvm.ca\/index.php?rest_route=\/wp\/v2\/pages\/1211","targetHints":{"allow":["GET"]}}],"collection":[{"href":"http:\/\/www.ethique-rlaroche.philo-cvm.ca\/index.php?rest_route=\/wp\/v2\/pages"}],"about":[{"href":"http:\/\/www.ethique-rlaroche.philo-cvm.ca\/index.php?rest_route=\/wp\/v2\/types\/page"}],"author":[{"embeddable":true,"href":"http:\/\/www.ethique-rlaroche.philo-cvm.ca\/index.php?rest_route=\/wp\/v2\/users\/1"}],"replies":[{"embeddable":true,"href":"http:\/\/www.ethique-rlaroche.philo-cvm.ca\/index.php?rest_route=%2Fwp%2Fv2%2Fcomments&post=1211"}],"version-history":[{"count":11,"href":"http:\/\/www.ethique-rlaroche.philo-cvm.ca\/index.php?rest_route=\/wp\/v2\/pages\/1211\/revisions"}],"predecessor-version":[{"id":26113,"href":"http:\/\/www.ethique-rlaroche.philo-cvm.ca\/index.php?rest_route=\/wp\/v2\/pages\/1211\/revisions\/26113"}],"wp:featuredmedia":[{"embeddable":true,"href":"http:\/\/www.ethique-rlaroche.philo-cvm.ca\/index.php?rest_route=\/wp\/v2\/media\/1151"}],"wp:attachment":[{"href":"http:\/\/www.ethique-rlaroche.philo-cvm.ca\/index.php?rest_route=%2Fwp%2Fv2%2Fmedia&parent=1211"}],"curies":[{"name":"wp","href":"https:\/\/api.w.org\/{rel}","templated":true}]}}