{"id":1208,"date":"2020-01-10T17:27:54","date_gmt":"2020-01-10T17:27:54","guid":{"rendered":"https:\/\/ethique-rlaroche.profweb.ca\/?page_id=1208"},"modified":"2022-09-07T13:21:57","modified_gmt":"2022-09-07T13:21:57","slug":"la-fonction-sociale","status":"publish","type":"page","link":"http:\/\/www.ethique-rlaroche.philo-cvm.ca\/?page_id=1208","title":{"rendered":"La signification sociale"},"content":{"rendered":"\n<p>Lorsque vous analysez un sujet d&rsquo;actualit\u00e9, la repr\u00e9sentation historique d&rsquo;un ensemble d&rsquo;\u00e9v\u00e9nements, ce qui vous appara\u00eet comme un fait, un ph\u00e9nom\u00e8ne culturel ou une de ses composantes plus particuli\u00e8res, il est int\u00e9ressant de chercher \u00e0 en interpr\u00e9ter la ou les significations sociales. <\/p>\n\n\n\n<p>Nous comprenons que les ph\u00e9nom\u00e8nes sociaux auxquels nous nous int\u00e9ressons ont des causes mais aussi qu&rsquo;ils appartiennent \u00e0 des contextes donn\u00e9s donc qu&rsquo;en ce sens ils r\u00e9pondent \u00e0 des usages, des buts ou des fins impliquant un ensemble de significations que nous leur pr\u00eatons plus individuellement ou collectivement.<\/p>\n\n\n\n<p>Utilisez les auteur.es et leurs hypoth\u00e8ses pour mener cette interpr\u00e9tation de nos sujets d&rsquo;\u00e9tudes. <\/p>\n\n\n\n<p>C&rsquo;est l\u00e0, probablement la partie la plus difficile du travail de r\u00e9flexion, difficile oui mais rare et pr\u00e9cieuse.<\/p>\n","protected":false},"excerpt":{"rendered":"<p>Lorsque vous analysez un sujet d&rsquo;actualit\u00e9, la repr\u00e9sentation historique d&rsquo;un ensemble d&rsquo;\u00e9v\u00e9nements, ce qui vous appara\u00eet comme un fait, un ph\u00e9nom\u00e8ne culturel ou une de &#8230;<\/p>\n","protected":false},"author":1,"featured_media":1243,"parent":0,"menu_order":0,"comment_status":"closed","ping_status":"closed","template":"","meta":{"footnotes":""},"class_list":["post-1208","page","type-page","status-publish","has-post-thumbnail","hentry"],"_links":{"self":[{"href":"http:\/\/www.ethique-rlaroche.philo-cvm.ca\/index.php?rest_route=\/wp\/v2\/pages\/1208","targetHints":{"allow":["GET"]}}],"collection":[{"href":"http:\/\/www.ethique-rlaroche.philo-cvm.ca\/index.php?rest_route=\/wp\/v2\/pages"}],"about":[{"href":"http:\/\/www.ethique-rlaroche.philo-cvm.ca\/index.php?rest_route=\/wp\/v2\/types\/page"}],"author":[{"embeddable":true,"href":"http:\/\/www.ethique-rlaroche.philo-cvm.ca\/index.php?rest_route=\/wp\/v2\/users\/1"}],"replies":[{"embeddable":true,"href":"http:\/\/www.ethique-rlaroche.philo-cvm.ca\/index.php?rest_route=%2Fwp%2Fv2%2Fcomments&post=1208"}],"version-history":[{"count":6,"href":"http:\/\/www.ethique-rlaroche.philo-cvm.ca\/index.php?rest_route=\/wp\/v2\/pages\/1208\/revisions"}],"predecessor-version":[{"id":26105,"href":"http:\/\/www.ethique-rlaroche.philo-cvm.ca\/index.php?rest_route=\/wp\/v2\/pages\/1208\/revisions\/26105"}],"wp:featuredmedia":[{"embeddable":true,"href":"http:\/\/www.ethique-rlaroche.philo-cvm.ca\/index.php?rest_route=\/wp\/v2\/media\/1243"}],"wp:attachment":[{"href":"http:\/\/www.ethique-rlaroche.philo-cvm.ca\/index.php?rest_route=%2Fwp%2Fv2%2Fmedia&parent=1208"}],"curies":[{"name":"wp","href":"https:\/\/api.w.org\/{rel}","templated":true}]}}